CRAN Package Check Results for Package PLmixed

Last updated on 2019-07-16 05:48:26 CEST.

Flavor Version Tinstall Tcheck Ttotal Status Flags
r-devel-linux-x86_64-debian-clang 0.1.3 6.92 364.67 371.59 OK
r-devel-linux-x86_64-debian-gcc 0.1.3 7.78 282.30 290.08 OK
r-devel-linux-x86_64-fedora-clang 0.1.3 431.26 OK
r-devel-linux-x86_64-fedora-gcc 0.1.3 420.77 OK
r-devel-windows-ix86+x86_64 0.1.3 22.00 105.00 127.00 OK --no-vignettes
r-patched-linux-x86_64 0.1.3 9.02 361.83 370.85 OK
r-patched-solaris-x86 0.1.3 135.20 OK --no-vignettes
r-release-linux-x86_64 0.1.3 6.97 360.49 367.46 OK
r-release-windows-ix86+x86_64 0.1.3 16.00 101.00 117.00 OK --no-vignettes
r-release-osx-x86_64 0.1.3 FAIL
r-oldrel-windows-ix86+x86_64 0.1.3 14.00 67.00 81.00 OK --no-vignettes
r-oldrel-osx-x86_64 0.1.3 OK

Check Details

Version: 0.1.3
Check: re-building of vignette outputs
Result: FAIL
    
Flavor: r-release-osx-x86_64