Last updated on 2025-02-01 11:49:34 CET.
Flavor | Version | Tinstall | Tcheck | Ttotal | Status | Flags |
---|---|---|---|---|---|---|
r-devel-linux-x86_64-debian-clang | 1.2.0 | 2.14 | 21.91 | 24.05 | OK | |
r-devel-linux-x86_64-debian-gcc | 1.2.0 | 1.53 | 18.04 | 19.57 | OK | |
r-devel-linux-x86_64-fedora-clang | 1.2.0 | 41.55 | OK | |||
r-devel-linux-x86_64-fedora-gcc | 1.2.0 | 51.32 | OK | |||
r-devel-windows-x86_64 | 1.2.0 | 3.00 | 40.00 | 43.00 | OK | |
r-patched-linux-x86_64 | 1.2.0 | 2.19 | 21.21 | 23.40 | NOTE | |
r-release-linux-x86_64 | 1.2.0 | 1.90 | 20.96 | 22.86 | NOTE | |
r-release-macos-arm64 | 1.2.0 | 22.00 | NOTE | |||
r-release-macos-x86_64 | 1.2.0 | 31.00 | NOTE | |||
r-release-windows-x86_64 | 1.2.0 | 3.00 | 40.00 | 43.00 | NOTE | |
r-oldrel-macos-arm64 | 1.2.0 | 21.00 | NOTE | |||
r-oldrel-macos-x86_64 | 1.2.0 | 33.00 | NOTE | |||
r-oldrel-windows-x86_64 | 1.2.0 | 4.00 | 39.00 | 43.00 | NOTE |
Version: 1.2.0
Check: LazyData
Result: NOTE
'LazyData' is specified without a 'data' directory
Flavors: r-patched-linux-x86_64, r-release-linux-x86_64, r-release-macos-arm64, r-release-macos-x86_64, r-release-windows-x86_64, r-oldrel-macos-arm64, r-oldrel-macos-x86_64, r-oldrel-windows-x86_64