CRAN Package Check Results for Package PPMR

Last updated on 2020-08-07 11:48:13 CEST.

Flavor Version Tinstall Tcheck Ttotal Status Flags
r-devel-linux-x86_64-debian-clang 1.0 57.52 23.62 81.14 OK
r-devel-linux-x86_64-debian-gcc 1.0 46.66 18.52 65.18 OK
r-devel-linux-x86_64-fedora-clang 1.0 127.88 NOTE
r-devel-linux-x86_64-fedora-gcc 1.0 107.84 OK
r-devel-windows-ix86+x86_64 1.0 133.00 58.00 191.00 OK
r-patched-linux-x86_64 1.0 52.52 23.37 75.89 OK
r-patched-solaris-x86 1.0 106.90 OK
r-release-linux-x86_64 1.0 52.32 23.19 75.51 OK
r-release-macos-x86_64 1.0 OK
r-release-windows-ix86+x86_64 1.0 142.00 76.00 218.00 OK
r-oldrel-macos-x86_64 1.0 OK
r-oldrel-windows-ix86+x86_64 1.0 87.00 69.00 156.00 OK

Check Details

Version: 1.0
Check: installed package size
Result: NOTE
     installed size is 5.0Mb
     sub-directories of 1Mb or more:
     libs 4.8Mb
Flavor: r-devel-linux-x86_64-fedora-clang