Last updated on 2024-08-16 11:49:48 CEST.
Flavor | Version | Tinstall | Tcheck | Ttotal | Status | Flags |
---|---|---|---|---|---|---|
r-devel-linux-x86_64-debian-clang | 2.0.5 | 34.53 | 151.52 | 186.05 | NOTE | |
r-devel-linux-x86_64-debian-gcc | 2.0.5 | 23.86 | 105.88 | 129.74 | NOTE | |
r-devel-linux-x86_64-fedora-clang | 2.0.5 | 319.01 | NOTE | |||
r-devel-linux-x86_64-fedora-gcc | 2.0.5 | 324.80 | NOTE | |||
r-devel-windows-x86_64 | 2.0.5 | 41.00 | 161.00 | 202.00 | NOTE | |
r-patched-linux-x86_64 | 2.0.5 | 36.34 | 143.29 | 179.63 | NOTE | |
r-release-linux-x86_64 | 2.0.5 | 31.33 | 144.57 | 175.90 | NOTE | |
r-release-macos-arm64 | 2.0.5 | 80.00 | NOTE | |||
r-release-macos-x86_64 | 2.0.5 | 118.00 | NOTE | |||
r-release-windows-x86_64 | 2.0.5 | 41.00 | 159.00 | 200.00 | NOTE | |
r-oldrel-macos-arm64 | 2.0.5 | 93.00 | NOTE | |||
r-oldrel-macos-x86_64 | 2.0.5 | 156.00 | NOTE | |||
r-oldrel-windows-x86_64 | 2.0.5 | 49.00 | 206.00 | 255.00 | NOTE |
Version: 2.0.5
Check: C++ specification
Result: NOTE
Specified C++11: please drop specification unless essential
Flavors: r-devel-linux-x86_64-debian-clang, r-devel-linux-x86_64-debian-gcc, r-devel-linux-x86_64-fedora-clang, r-devel-linux-x86_64-fedora-gcc, r-devel-windows-x86_64, r-patched-linux-x86_64, r-release-linux-x86_64, r-release-macos-arm64, r-release-macos-x86_64, r-release-windows-x86_64, r-oldrel-macos-arm64, r-oldrel-macos-x86_64, r-oldrel-windows-x86_64