Last updated on 2024-04-19 06:03:29 CEST.
Flavor | Version | Tinstall | Tcheck | Ttotal | Status | Flags |
---|---|---|---|---|---|---|
r-devel-linux-x86_64-debian-clang | 1.2.1 | 62.48 | 71.32 | 133.80 | NOTE | |
r-devel-linux-x86_64-debian-gcc | 1.2.1 | NOTE | ||||
r-devel-linux-x86_64-fedora-clang | 1.2.1 | 171.70 | NOTE | |||
r-devel-linux-x86_64-fedora-gcc | 1.2.1 | 170.73 | NOTE | |||
r-prerel-macos-arm64 | 1.2.1 | 44.00 | NOTE | |||
r-prerel-windows-x86_64 | 1.2.1 | 44.00 | 92.00 | 136.00 | NOTE | |
r-patched-linux-x86_64 | 1.2.1 | 55.07 | 67.71 | 122.78 | NOTE | |
r-release-linux-x86_64 | 1.2.1 | 54.21 | 68.15 | 122.36 | NOTE | |
r-release-macos-arm64 | 1.2.1 | 53.00 | NOTE | |||
r-release-macos-x86_64 | 1.2.1 | 84.00 | NOTE | |||
r-release-windows-x86_64 | 1.2.1 | 57.00 | 107.00 | 164.00 | NOTE | |
r-oldrel-macos-arm64 | 1.2.1 | 43.00 | OK | |||
r-oldrel-windows-x86_64 | 1.2.1 | 55.00 | 111.00 | 166.00 | OK |
Version: 1.2.1
Check: C++ specification
Result: NOTE
Specified C++11: please drop specification unless essential
Flavors: r-devel-linux-x86_64-debian-clang, r-devel-linux-x86_64-debian-gcc, r-devel-linux-x86_64-fedora-clang, r-devel-linux-x86_64-fedora-gcc, r-prerel-macos-arm64, r-prerel-windows-x86_64, r-patched-linux-x86_64, r-release-linux-x86_64, r-release-macos-arm64, r-release-macos-x86_64, r-release-windows-x86_64