CRAN Package Check Results for Package PRIMME

Last updated on 2023-04-01 11:51:37 CEST.

Flavor Version Tinstall Tcheck Ttotal Status Flags
r-devel-linux-x86_64-debian-clang 3.2-3 126.66 38.73 165.39 WARN
r-devel-linux-x86_64-debian-gcc 3.2-3 125.33 28.83 154.16 WARN
r-devel-linux-x86_64-fedora-clang 3.2-3 247.29 WARN
r-devel-linux-x86_64-fedora-gcc 3.2-3 298.82 WARN
r-devel-windows-x86_64 3.2-3 182.00 95.00 277.00 OK
r-patched-linux-x86_64 3.2-3 124.93 36.23 161.16 WARN
r-release-linux-x86_64 3.2-3 123.42 36.50 159.92 OK
r-release-macos-arm64 3.2-3 69.00 NOTE
r-release-macos-x86_64 3.2-3 70.00 NOTE
r-release-windows-x86_64 3.2-3 116.00 95.00 211.00 OK
r-oldrel-macos-arm64 3.2-3 64.00 NOTE
r-oldrel-macos-x86_64 3.2-3 68.00 NOTE
r-oldrel-windows-ix86+x86_64 3.2-3 313.00 98.00 411.00 NOTE

Check Details

Version: 3.2-3
Check: whether package can be installed
Result: WARN
    Found the following significant warnings:
     init.c:17:43: warning: a function declaration without a prototype is deprecated in all versions of C [-Wstrict-prototypes]
     init.c:22:48: warning: a function declaration without a prototype is deprecated in all versions of C [-Wstrict-prototypes]
     zhegv.c:232:24: warning: a function declaration without a prototype is deprecated in all versions of C [-Wstrict-prototypes]
     zhegv.c:3715:13: warning: a function declaration without a prototype is deprecated in all versions of C [-Wstrict-prototypes]
    See ‘/home/hornik/tmp/R.check/r-devel-clang/Work/PKGS/PRIMME.Rcheck/00install.out’ for details.
    * used C compiler: ‘Debian clang version 15.0.6’
    * used C++ compiler: ‘Debian clang version 15.0.6’
Flavor: r-devel-linux-x86_64-debian-clang

Version: 3.2-3
Check: whether package can be installed
Result: WARN
    Found the following significant warnings:
     init.c:17:1: warning: function declaration isn’t a prototype [-Wstrict-prototypes]
     init.c:22:1: warning: function declaration isn’t a prototype [-Wstrict-prototypes]
     zhegv.c:232:1: warning: function declaration isn’t a prototype [-Wstrict-prototypes]
     zhegv.c:3715:13: warning: function declaration isn’t a prototype [-Wstrict-prototypes]
    See ‘/home/hornik/tmp/R.check/r-devel-gcc/Work/PKGS/PRIMME.Rcheck/00install.out’ for details.
    * used C compiler: ‘gcc-12 (Debian 12.2.0-14) 12.2.0’
    * used C++ compiler: ‘g++-12 (Debian 12.2.0-14) 12.2.0’
Flavor: r-devel-linux-x86_64-debian-gcc

Version: 3.2-3
Check: whether package can be installed
Result: WARN
    Found the following significant warnings:
     init.c:17:43: warning: a function declaration without a prototype is deprecated in all versions of C [-Wstrict-prototypes]
     init.c:22:48: warning: a function declaration without a prototype is deprecated in all versions of C [-Wstrict-prototypes]
     zhegv.c:232:24: warning: a function declaration without a prototype is deprecated in all versions of C [-Wstrict-prototypes]
     zhegv.c:3715:13: warning: a function declaration without a prototype is deprecated in all versions of C [-Wstrict-prototypes]
    See ‘/data/gannet/ripley/R/packages/tests-clang/PRIMME.Rcheck/00install.out’ for details.
    * used C compiler: ‘clang version 16.0.0’
    * used C++ compiler: ‘clang version 16.0.0’
Flavor: r-devel-linux-x86_64-fedora-clang

Version: 3.2-3
Check: whether package can be installed
Result: WARN
    Found the following significant warnings:
     init.c:17:1: warning: function declaration isn’t a prototype [-Wstrict-prototypes]
     init.c:22:1: warning: function declaration isn’t a prototype [-Wstrict-prototypes]
     zhegv.c:232:1: warning: function declaration isn’t a prototype [-Wstrict-prototypes]
     zhegv.c:3715:13: warning: function declaration isn’t a prototype [-Wstrict-prototypes]
    See ‘/data/gannet/ripley/R/packages/tests-devel/PRIMME.Rcheck/00install.out’ for details.
    * used C compiler: ‘gcc (GCC) 12.2.1 20221121 (Red Hat 12.2.1-4)’
    * used C++ compiler: ‘g++ (GCC) 12.2.1 20221121 (Red Hat 12.2.1-4)’
Flavor: r-devel-linux-x86_64-fedora-gcc

Version: 3.2-3
Check: whether package can be installed
Result: WARN
    Found the following significant warnings:
     init.c:17:1: warning: function declaration isn’t a prototype [-Wstrict-prototypes]
     init.c:22:1: warning: function declaration isn’t a prototype [-Wstrict-prototypes]
     zhegv.c:232:1: warning: function declaration isn’t a prototype [-Wstrict-prototypes]
     zhegv.c:3715:13: warning: function declaration isn’t a prototype [-Wstrict-prototypes]
    See ‘/home/hornik/tmp/R.check/r-patched-gcc/Work/PKGS/PRIMME.Rcheck/00install.out’ for details.
    * used C compiler: ‘gcc-11 (Debian 11.3.0-12) 11.3.0’
    * used C++ compiler: ‘g++-11 (Debian 11.3.0-12) 11.3.0’
Flavor: r-patched-linux-x86_64

Version: 3.2-3
Check: installed package size
Result: NOTE
     installed size is 7.0Mb
     sub-directories of 1Mb or more:
     libs 6.8Mb
Flavors: r-release-macos-arm64, r-release-macos-x86_64, r-oldrel-macos-arm64, r-oldrel-macos-x86_64, r-oldrel-windows-ix86+x86_64