CRAN Package Check Results for Package PRISMA2020

Last updated on 2022-10-07 17:52:10 CEST.

Flavor Version Tinstall Tcheck Ttotal Status Flags
r-devel-linux-x86_64-debian-clang 0.0.3 3.51 28.20 31.71 OK
r-devel-linux-x86_64-debian-gcc 0.0.3 2.59 21.94 24.53 OK
r-devel-linux-x86_64-fedora-clang 0.0.3 52.15 NOTE
r-devel-linux-x86_64-fedora-gcc 0.0.3 50.53 NOTE
r-devel-windows-x86_64 0.0.3 12.00 61.00 73.00 OK
r-patched-linux-x86_64 0.0.3 3.44 26.69 30.13 OK
r-release-linux-x86_64 0.0.3 2.12 27.05 29.17 OK
r-release-macos-arm64 0.0.3 17.00 NOTE
r-release-macos-x86_64 0.0.3 26.00 NOTE
r-release-windows-x86_64 0.0.3 17.00 57.00 74.00 OK
r-oldrel-macos-arm64 0.0.3 18.00 NOTE
r-oldrel-macos-x86_64 0.0.3 26.00 NOTE
r-oldrel-windows-ix86+x86_64 0.0.3 9.00 53.00 62.00 OK

Check Details

Version: 0.0.3
Check: dependencies in R code
Result: NOTE
    Namespaces in Imports field not imported from:
     ‘DT’ ‘rio’ ‘shiny’ ‘shinyjs’ ‘utils’ ‘webp’
     All declared Imports should be used.
Flavors: r-devel-linux-x86_64-fedora-clang, r-devel-linux-x86_64-fedora-gcc, r-release-macos-arm64, r-release-macos-x86_64, r-oldrel-macos-arm64, r-oldrel-macos-x86_64