Last updated on 2024-08-16 11:49:48 CEST.
Flavor | Version | Tinstall | Tcheck | Ttotal | Status | Flags |
---|---|---|---|---|---|---|
r-devel-linux-x86_64-debian-clang | 1.3.8 | 15.15 | 222.93 | 238.08 | NOTE | |
r-devel-linux-x86_64-debian-gcc | 1.3.8 | 10.74 | 160.47 | 171.21 | NOTE | |
r-devel-linux-x86_64-fedora-clang | 1.3.8 | 386.38 | NOTE | |||
r-devel-linux-x86_64-fedora-gcc | 1.3.8 | 390.76 | NOTE | |||
r-devel-windows-x86_64 | 1.3.8 | 15.00 | 187.00 | 202.00 | NOTE | |
r-patched-linux-x86_64 | 1.3.8 | 19.12 | 209.70 | 228.82 | OK | |
r-release-linux-x86_64 | 1.3.8 | 11.76 | 212.65 | 224.41 | OK | |
r-release-macos-arm64 | 1.3.8 | 82.00 | NOTE | |||
r-release-macos-x86_64 | 1.3.8 | 124.00 | NOTE | |||
r-release-windows-x86_64 | 1.3.8 | 17.00 | 189.00 | 206.00 | NOTE | |
r-oldrel-macos-arm64 | 1.3.8 | 82.00 | NOTE | |||
r-oldrel-macos-x86_64 | 1.3.8 | 142.00 | NOTE | |||
r-oldrel-windows-x86_64 | 1.3.8 | 21.00 | 238.00 | 259.00 | NOTE |
Version: 1.3.8
Check: Rd cross-references
Result: NOTE
Found the following Rd file(s) with Rd \link{} targets missing package
anchors:
PSAboot.Rd: Match
balance.matching.Rd: cv.trans.psa
boot.ctree.Rd: cv.trans.psa
boot.matching.Rd: cv.trans.psa, Match
boot.matchit.Rd: cv.trans.psa
boot.rpart.Rd: cv.trans.psa
boot.strata.Rd: cv.trans.psa
boot.weighting.Rd: cv.trans.psa
boxplot.PSAboot.balance.Rd: facet_wrap
hist.PSAboot.Rd: geom_histogram
Please provide package anchors for all Rd \link{} targets not in the
package itself and the base packages.
Flavors: r-devel-linux-x86_64-debian-clang, r-devel-linux-x86_64-debian-gcc, r-devel-windows-x86_64
Version: 1.3.8
Check: installed package size
Result: NOTE
installed size is 6.3Mb
sub-directories of 1Mb or more:
doc 5.6Mb
Flavors: r-devel-linux-x86_64-fedora-clang, r-devel-windows-x86_64, r-release-macos-arm64, r-release-macos-x86_64, r-release-windows-x86_64, r-oldrel-macos-arm64, r-oldrel-macos-x86_64, r-oldrel-windows-x86_64
Version: 1.3.8
Check: data for non-ASCII characters
Result: NOTE
Note: found 4 marked UTF-8 strings
Flavors: r-devel-linux-x86_64-fedora-clang, r-devel-linux-x86_64-fedora-gcc