Last updated on 2023-03-27 23:55:50 CEST.
Flavor | Version | Tinstall | Tcheck | Ttotal | Status | Flags |
---|---|---|---|---|---|---|
r-devel-linux-x86_64-debian-clang | 0.2.0 | 8.56 | 50.37 | 58.93 | OK | |
r-devel-linux-x86_64-debian-gcc | 0.2.0 | 6.88 | 37.60 | 44.48 | OK | |
r-devel-linux-x86_64-fedora-clang | 0.2.0 | 74.96 | NOTE | |||
r-devel-linux-x86_64-fedora-gcc | 0.2.0 | 74.54 | NOTE | |||
r-patched-linux-x86_64 | 0.2.0 | 9.33 | 46.39 | 55.72 | OK | |
r-release-linux-x86_64 | 0.2.0 | 7.19 | 49.36 | 56.55 | OK | |
r-release-macos-arm64 | 0.2.0 | 27.00 | NOTE | |||
r-release-macos-x86_64 | 0.2.0 | 49.00 | NOTE | |||
r-release-windows-x86_64 | 0.2.0 | 216.00 | 78.00 | 294.00 | OK | |
r-oldrel-macos-arm64 | 0.2.0 | 33.00 | NOTE | |||
r-oldrel-macos-x86_64 | 0.2.0 | 45.00 | NOTE | |||
r-oldrel-windows-ix86+x86_64 | 0.2.0 | 18.00 | 78.00 | 96.00 | OK |
Version: 0.2.0
Check: data for non-ASCII characters
Result: NOTE
Note: found 26 marked Latin-1 strings
Flavors: r-devel-linux-x86_64-fedora-clang, r-devel-linux-x86_64-fedora-gcc, r-release-macos-arm64, r-release-macos-x86_64, r-oldrel-macos-arm64, r-oldrel-macos-x86_64
Version: 0.2.0
Check: installed package size
Result: NOTE
installed size is 5.0Mb
sub-directories of 1Mb or more:
data 4.9Mb
Flavors: r-release-macos-arm64, r-oldrel-macos-arm64