Last updated on 2024-08-31 23:49:12 CEST.
Flavor | Version | Tinstall | Tcheck | Ttotal | Status | Flags |
---|---|---|---|---|---|---|
r-devel-linux-x86_64-debian-clang | 0.2.0 | 6.60 | 40.60 | 47.20 | OK | |
r-devel-linux-x86_64-debian-gcc | 0.2.0 | 5.39 | 29.00 | 34.39 | OK | |
r-devel-linux-x86_64-fedora-clang | 0.2.0 | 72.13 | NOTE | |||
r-devel-linux-x86_64-fedora-gcc | 0.2.0 | 71.32 | NOTE | |||
r-devel-windows-x86_64 | 0.2.0 | 11.00 | 57.00 | 68.00 | OK | |
r-patched-linux-x86_64 | 0.2.0 | 6.63 | 37.06 | 43.69 | OK | |
r-release-linux-x86_64 | 0.2.0 | 5.74 | 36.99 | 42.73 | OK | |
r-release-macos-arm64 | 0.2.0 | 27.00 | NOTE | |||
r-release-macos-x86_64 | 0.2.0 | 47.00 | NOTE | |||
r-release-windows-x86_64 | 0.2.0 | 10.00 | 58.00 | 68.00 | OK | |
r-oldrel-macos-arm64 | 0.2.0 | 27.00 | NOTE | |||
r-oldrel-macos-x86_64 | 0.2.0 | 40.00 | NOTE | |||
r-oldrel-windows-x86_64 | 0.2.0 | 13.00 | 64.00 | 77.00 | OK |
Version: 0.2.0
Check: data for non-ASCII characters
Result: NOTE
Note: found 26 marked Latin-1 strings
Flavors: r-devel-linux-x86_64-fedora-clang, r-devel-linux-x86_64-fedora-gcc
Version: 0.2.0
Check: installed package size
Result: NOTE
installed size is 5.0Mb
sub-directories of 1Mb or more:
data 4.9Mb
Flavors: r-release-macos-arm64, r-release-macos-x86_64, r-oldrel-macos-arm64, r-oldrel-macos-x86_64