CRAN Package Check Results for Package PSPManalysis

Last updated on 2021-07-27 11:51:14 CEST.

Flavor Version Tinstall Tcheck Ttotal Status Flags
r-devel-linux-x86_64-debian-clang 0.3.4 5.37 158.19 163.56 NOTE
r-devel-linux-x86_64-debian-gcc 0.3.4 3.98 117.74 121.72 NOTE
r-devel-linux-x86_64-fedora-clang 0.3.4 202.66 NOTE
r-devel-linux-x86_64-fedora-gcc 0.3.4 196.99 NOTE
r-devel-windows-x86_64 0.3.4 9.00 179.00 188.00 NOTE
r-devel-windows-x86_64-gcc10-UCRT 0.3.4 ERROR
r-patched-linux-x86_64 0.3.4 5.29 154.48 159.77 NOTE
r-patched-solaris-x86 0.3.4 246.00 NOTE
r-release-linux-x86_64 0.3.4 5.00 153.74 158.74 NOTE
r-release-macos-arm64 0.3.4 NOTE
r-release-macos-x86_64 0.3.4 NOTE
r-release-windows-ix86+x86_64 0.3.4 12.00 259.00 271.00 NOTE
r-oldrel-macos-x86_64 0.3.4 OK
r-oldrel-windows-ix86+x86_64 0.3.4 10.00 321.00 331.00 OK

Check Details

Version: 0.3.4
Check: LazyData
Result: NOTE
     'LazyData' is specified without a 'data' directory
Flavors: r-devel-linux-x86_64-debian-clang, r-devel-linux-x86_64-debian-gcc, r-devel-linux-x86_64-fedora-clang, r-devel-linux-x86_64-fedora-gcc, r-devel-windows-x86_64, r-devel-windows-x86_64-gcc10-UCRT, r-patched-linux-x86_64, r-patched-solaris-x86, r-release-linux-x86_64, r-release-macos-arm64, r-release-macos-x86_64, r-release-windows-ix86+x86_64

Version: 0.3.4
Check: tests
Result: ERROR
     Running 'testthat.R'
    Running the tests in 'tests/testthat.R' failed.
    Last 13 lines of output:
    
     Backtrace:
     x
     1. \-PSPManalysis::PSPMequi(...)
     -- Error (test.04-PNAS2002_5bsind.R:3:1): (code run outside of `test_that()`) --
     Error:
     Executable PNAS2002_5bsind.dll not found! Computation aborted.
    
     Backtrace:
     x
     1. \-PSPManalysis::PSPMind(...) test.04-PNAS2002_5bsind.R:3:0
    
     [ FAIL 4 | WARN 0 | SKIP 0 | PASS 0 ]
     Error: Test failures
     Execution halted
Flavor: r-devel-windows-x86_64-gcc10-UCRT