CRAN Package Check Results for Package PUPAIM

Last updated on 2019-05-21 11:51:46 CEST.

Flavor Version Tinstall Tcheck Ttotal Status Flags
r-devel-linux-x86_64-debian-clang 0.1.0 3.33 27.13 30.46 OK
r-devel-linux-x86_64-debian-gcc 0.1.0 3.02 21.61 24.63 OK
r-devel-linux-x86_64-fedora-clang 0.1.0 36.49 NOTE
r-devel-linux-x86_64-fedora-gcc 0.1.0 34.84 NOTE
r-devel-windows-ix86+x86_64 0.1.0 15.00 60.00 75.00 OK
r-patched-linux-x86_64 0.1.0 4.09 27.19 31.28 OK
r-patched-solaris-x86 0.1.0 55.40 NOTE
r-release-linux-x86_64 0.1.0 3.71 27.53 31.24 OK
r-release-windows-ix86+x86_64 0.1.0 14.00 60.00 74.00 OK
r-release-osx-x86_64 0.1.0 NOTE
r-oldrel-windows-ix86+x86_64 0.1.0 5.00 42.00 47.00 OK
r-oldrel-osx-x86_64 0.1.0 NOTE

Check Details

Version: 0.1.0
Check: dependencies in R code
Result: NOTE
    Namespace in Imports field not imported from: ‘FSA’
     All declared Imports should be used.
Flavors: r-devel-linux-x86_64-fedora-clang, r-devel-linux-x86_64-fedora-gcc, r-patched-solaris-x86, r-release-osx-x86_64, r-oldrel-osx-x86_64