CRAN Package Check Results for Package PUPAIM

Last updated on 2019-07-16 05:48:27 CEST.

Flavor Version Tinstall Tcheck Ttotal Status Flags
r-devel-linux-x86_64-debian-clang 0.1.0 3.66 27.36 31.02 OK
r-devel-linux-x86_64-debian-gcc 0.1.0 2.91 21.55 24.46 OK
r-devel-linux-x86_64-fedora-clang 0.1.0 36.61 NOTE
r-devel-linux-x86_64-fedora-gcc 0.1.0 35.31 NOTE
r-devel-windows-ix86+x86_64 0.1.0 15.00 65.00 80.00 OK
r-patched-linux-x86_64 0.1.0 3.62 27.24 30.86 OK
r-patched-solaris-x86 0.1.0 55.20 NOTE
r-release-linux-x86_64 0.1.0 3.75 27.01 30.76 OK
r-release-windows-ix86+x86_64 0.1.0 8.00 61.00 69.00 OK
r-release-osx-x86_64 0.1.0 NOTE
r-oldrel-windows-ix86+x86_64 0.1.0 9.00 64.00 73.00 OK
r-oldrel-osx-x86_64 0.1.0 NOTE

Check Details

Version: 0.1.0
Check: dependencies in R code
Result: NOTE
    Namespace in Imports field not imported from: ‘FSA’
     All declared Imports should be used.
Flavors: r-devel-linux-x86_64-fedora-clang, r-devel-linux-x86_64-fedora-gcc, r-patched-solaris-x86, r-release-osx-x86_64, r-oldrel-osx-x86_64