CRAN Package Check Results for Package PWEALL

Last updated on 2022-09-27 11:51:22 CEST.

Flavor Version Tinstall Tcheck Ttotal Status Flags
r-devel-linux-x86_64-debian-clang 1.3.0 24.58 98.84 123.42 NOTE
r-devel-linux-x86_64-debian-gcc 1.3.0 19.58 74.10 93.68 NOTE
r-devel-linux-x86_64-fedora-clang 1.3.0 169.17 NOTE
r-devel-linux-x86_64-fedora-gcc 1.3.0 157.30 NOTE
r-devel-windows-x86_64 1.3.0 36.00 141.00 177.00 NOTE
r-patched-linux-x86_64 1.3.0 19.73 92.45 112.18 NOTE
r-release-linux-x86_64 1.3.0 21.54 91.49 113.03 NOTE
r-release-macos-arm64 1.3.0 53.00 NOTE
r-release-macos-x86_64 1.3.0 58.00 NOTE
r-release-windows-x86_64 1.3.0 25.00 149.00 174.00 NOTE
r-oldrel-macos-arm64 1.3.0 56.00 NOTE
r-oldrel-macos-x86_64 1.3.0 92.00 NOTE
r-oldrel-windows-ix86+x86_64 1.3.0 53.00 151.00 204.00 NOTE

Check Details

Version: 1.3.0
Check: LazyData
Result: NOTE
     'LazyData' is specified without a 'data' directory
Flavors: r-devel-linux-x86_64-debian-clang, r-devel-linux-x86_64-debian-gcc, r-devel-linux-x86_64-fedora-clang, r-devel-linux-x86_64-fedora-gcc, r-devel-windows-x86_64, r-patched-linux-x86_64, r-release-linux-x86_64, r-release-macos-arm64, r-release-macos-x86_64, r-release-windows-x86_64, r-oldrel-macos-arm64, r-oldrel-macos-x86_64, r-oldrel-windows-ix86+x86_64

Version: 1.3.0
Check: compiled code
Result: NOTE
    File ‘PWEALL/libs/PWEALL.so’:
     Found no calls to: ‘R_registerRoutines’, ‘R_useDynamicSymbols’
    
    It is good practice to register native routines and to disable symbol
    search.
    
    See ‘Writing portable packages’ in the ‘Writing R Extensions’ manual.
Flavors: r-devel-linux-x86_64-fedora-clang, r-devel-linux-x86_64-fedora-gcc