CRAN Package Check Results for Package PakPC2017

Last updated on 2021-07-27 11:51:11 CEST.

Flavor Version Tinstall Tcheck Ttotal Status Flags
r-devel-linux-x86_64-debian-clang 1.0.0 7.62 50.33 57.95 OK
r-devel-linux-x86_64-debian-gcc 1.0.0 5.52 39.33 44.85 OK
r-devel-linux-x86_64-fedora-clang 1.0.0 79.29 NOTE
r-devel-linux-x86_64-fedora-gcc 1.0.0 67.18 NOTE
r-devel-windows-x86_64 1.0.0 11.00 69.00 80.00 OK
r-devel-windows-x86_64-gcc10-UCRT 1.0.0 NOTE
r-patched-linux-x86_64 1.0.0 7.03 47.54 54.57 OK
r-patched-solaris-x86 1.0.0 101.50 NOTE
r-release-linux-x86_64 1.0.0 7.28 47.49 54.77 OK
r-release-macos-arm64 1.0.0 NOTE
r-release-macos-x86_64 1.0.0 NOTE
r-release-windows-ix86+x86_64 1.0.0 14.00 48.00 62.00 OK
r-oldrel-macos-x86_64 1.0.0 NOTE
r-oldrel-windows-ix86+x86_64 1.0.0 11.00 71.00 82.00 OK

Check Details

Version: 1.0.0
Check: dependencies in R code
Result: NOTE
    Namespace in Imports field not imported from: ‘stats’
     All declared Imports should be used.
Flavors: r-devel-linux-x86_64-fedora-clang, r-devel-linux-x86_64-fedora-gcc, r-devel-windows-x86_64-gcc10-UCRT, r-patched-solaris-x86, r-release-macos-arm64, r-release-macos-x86_64, r-oldrel-macos-x86_64