Last updated on 2024-08-16 11:49:47 CEST.
Flavor | Version | Tinstall | Tcheck | Ttotal | Status | Flags |
---|---|---|---|---|---|---|
r-devel-linux-x86_64-debian-clang | 0.1.0 | 3.18 | 25.39 | 28.57 | NOTE | |
r-devel-linux-x86_64-debian-gcc | 0.1.0 | 2.37 | 19.83 | 22.20 | NOTE | |
r-devel-linux-x86_64-fedora-clang | 0.1.0 | 46.53 | NOTE | |||
r-devel-linux-x86_64-fedora-gcc | 0.1.0 | 44.50 | NOTE | |||
r-devel-windows-x86_64 | 0.1.0 | 4.00 | 52.00 | 56.00 | NOTE | |
r-patched-linux-x86_64 | 0.1.0 | 3.38 | 24.04 | 27.42 | NOTE | |
r-release-linux-x86_64 | 0.1.0 | 2.87 | 24.35 | 27.22 | NOTE | |
r-release-macos-arm64 | 0.1.0 | 19.00 | NOTE | |||
r-release-macos-x86_64 | 0.1.0 | 25.00 | NOTE | |||
r-release-windows-x86_64 | 0.1.0 | 4.00 | 51.00 | 55.00 | NOTE | |
r-oldrel-macos-arm64 | 0.1.0 | 22.00 | OK | |||
r-oldrel-macos-x86_64 | 0.1.0 | 27.00 | OK | |||
r-oldrel-windows-x86_64 | 0.1.0 | 5.00 | 51.00 | 56.00 | OK |
Version: 0.1.0
Check: Rd files
Result: NOTE
checkRd: (-1) MICS2014Ch.Rd:296: Lost braces in \enumerate; meant \describe ?
checkRd: (-1) MICS2014Ch.Rd:297: Lost braces in \enumerate; meant \describe ?
Flavors: r-devel-linux-x86_64-debian-clang, r-devel-linux-x86_64-debian-gcc, r-devel-linux-x86_64-fedora-clang, r-devel-linux-x86_64-fedora-gcc, r-devel-windows-x86_64, r-patched-linux-x86_64, r-release-linux-x86_64, r-release-macos-arm64, r-release-macos-x86_64, r-release-windows-x86_64
Version: 0.1.0
Check: dependencies in R code
Result: NOTE
Namespace in Imports field not imported from: ‘stats’
All declared Imports should be used.
Flavors: r-devel-linux-x86_64-fedora-clang, r-devel-linux-x86_64-fedora-gcc