Last updated on 2023-03-27 06:50:14 CEST.
Flavor | Version | Tinstall | Tcheck | Ttotal | Status | Flags |
---|---|---|---|---|---|---|
r-devel-linux-x86_64-debian-clang | 0.1.0 | 4.53 | 29.63 | 34.16 | OK | |
r-devel-linux-x86_64-debian-gcc | 0.1.0 | 3.34 | 22.59 | 25.93 | OK | |
r-devel-linux-x86_64-fedora-clang | 0.1.0 | 44.34 | NOTE | |||
r-devel-linux-x86_64-fedora-gcc | 0.1.0 | 43.02 | NOTE | |||
r-devel-windows-x86_64 | 0.1.0 | 15.00 | 57.00 | 72.00 | OK | |
r-patched-linux-x86_64 | 0.1.0 | 3.53 | 28.00 | 31.53 | OK | |
r-release-linux-x86_64 | 0.1.0 | 3.65 | 29.67 | 33.32 | OK | |
r-release-macos-arm64 | 0.1.0 | 19.00 | NOTE | |||
r-release-macos-x86_64 | 0.1.0 | 27.00 | NOTE | |||
r-release-windows-x86_64 | 0.1.0 | 14.00 | 59.00 | 73.00 | OK | |
r-oldrel-macos-arm64 | 0.1.0 | 26.00 | NOTE | |||
r-oldrel-macos-x86_64 | 0.1.0 | 32.00 | NOTE | |||
r-oldrel-windows-ix86+x86_64 | 0.1.0 | 9.00 | 55.00 | 64.00 | OK |
Version: 0.1.0
Check: dependencies in R code
Result: NOTE
Namespace in Imports field not imported from: ‘stats’
All declared Imports should be used.
Flavors: r-devel-linux-x86_64-fedora-clang, r-devel-linux-x86_64-fedora-gcc, r-release-macos-arm64, r-release-macos-x86_64, r-oldrel-macos-arm64, r-oldrel-macos-x86_64