CRAN Package Check Results for Package PakPMICS2018mn

Last updated on 2019-10-22 23:47:31 CEST.

Flavor Version Tinstall Tcheck Ttotal Status Flags
r-devel-linux-x86_64-debian-clang 0.1.0 5.53 30.06 35.59 OK
r-devel-linux-x86_64-debian-gcc 0.1.0 5.28 24.40 29.68 OK
r-devel-linux-x86_64-fedora-clang 0.1.0 46.07 NOTE
r-devel-linux-x86_64-fedora-gcc 0.1.0 44.39 NOTE
r-devel-windows-ix86+x86_64 0.1.0 11.00 45.00 56.00 OK
r-patched-linux-x86_64 0.1.0 5.82 29.40 35.22 OK
r-patched-solaris-x86 0.1.0 71.70 NOTE
r-release-linux-x86_64 0.1.0 5.45 29.46 34.91 OK
r-release-windows-ix86+x86_64 0.1.0 22.00 59.00 81.00 OK
r-release-osx-x86_64 0.1.0 NOTE
r-oldrel-windows-ix86+x86_64 0.1.0 14.00 55.00 69.00 OK
r-oldrel-osx-x86_64 0.1.0 NOTE

Check Details

Version: 0.1.0
Check: data for non-ASCII characters
Result: NOTE
     Note: found 4 marked UTF-8 strings
Flavors: r-devel-linux-x86_64-fedora-clang, r-devel-linux-x86_64-fedora-gcc, r-patched-solaris-x86, r-release-osx-x86_64, r-oldrel-osx-x86_64