CRAN Package Check Results for Package PakPMICS2018mn

Last updated on 2021-07-27 11:51:11 CEST.

Flavor Version Tinstall Tcheck Ttotal Status Flags
r-devel-linux-x86_64-debian-clang 0.1.0 6.80 39.64 46.44 OK
r-devel-linux-x86_64-debian-gcc 0.1.0 5.79 30.96 36.75 OK
r-devel-linux-x86_64-fedora-clang 0.1.0 66.32 NOTE
r-devel-linux-x86_64-fedora-gcc 0.1.0 54.59 NOTE
r-devel-windows-x86_64 0.1.0 11.00 55.00 66.00 OK
r-devel-windows-x86_64-gcc10-UCRT 0.1.0 NOTE
r-patched-linux-x86_64 0.1.0 6.50 37.26 43.76 OK
r-patched-solaris-x86 0.1.0 87.60 NOTE
r-release-linux-x86_64 0.1.0 5.92 37.57 43.49 OK
r-release-macos-arm64 0.1.0 NOTE
r-release-macos-x86_64 0.1.0 NOTE
r-release-windows-ix86+x86_64 0.1.0 13.00 44.00 57.00 OK
r-oldrel-macos-x86_64 0.1.0 NOTE
r-oldrel-windows-ix86+x86_64 0.1.0 9.00 56.00 65.00 OK

Check Details

Version: 0.1.0
Check: data for non-ASCII characters
Result: NOTE
     Note: found 4 marked UTF-8 strings
Flavors: r-devel-linux-x86_64-fedora-clang, r-devel-linux-x86_64-fedora-gcc, r-devel-windows-x86_64-gcc10-UCRT, r-patched-solaris-x86, r-release-macos-arm64, r-release-macos-x86_64, r-oldrel-macos-x86_64