Last updated on 2023-10-05 01:01:51 CEST.
Flavor | Version | Tinstall | Tcheck | Ttotal | Status | Flags |
---|---|---|---|---|---|---|
r-devel-linux-x86_64-debian-clang | 0.0.3 | 3.53 | 55.79 | 59.32 | NOTE | |
r-devel-linux-x86_64-debian-gcc | 0.0.3 | 2.97 | 42.27 | 45.24 | NOTE | |
r-devel-linux-x86_64-fedora-clang | 0.0.3 | 68.79 | NOTE | |||
r-devel-linux-x86_64-fedora-gcc | 0.0.3 | 70.16 | NOTE | |||
r-devel-windows-x86_64 | 0.0.3 | 5.00 | 63.00 | 68.00 | NOTE | |
r-patched-linux-x86_64 | 0.0.3 | 3.91 | 56.42 | 60.33 | NOTE | |
r-release-linux-x86_64 | 0.0.3 | 3.71 | 55.17 | 58.88 | NOTE | |
r-release-macos-arm64 | 0.0.3 | 30.00 | NOTE | |||
r-release-macos-x86_64 | 0.0.3 | 45.00 | NOTE | |||
r-release-windows-x86_64 | 0.0.3 | 6.00 | 71.00 | 77.00 | NOTE | |
r-oldrel-macos-arm64 | 0.0.3 | 25.00 | NOTE | |||
r-oldrel-macos-x86_64 | 0.0.3 | 32.00 | NOTE | |||
r-oldrel-windows-x86_64 | 0.0.3 | 5.00 | 74.00 | 79.00 | NOTE |
Version: 0.0.3
Check: LazyData
Result: NOTE
'LazyData' is specified without a 'data' directory
Flavors: r-devel-linux-x86_64-debian-clang, r-devel-linux-x86_64-debian-gcc, r-devel-linux-x86_64-fedora-clang, r-devel-linux-x86_64-fedora-gcc, r-devel-windows-x86_64, r-patched-linux-x86_64, r-release-linux-x86_64, r-release-macos-arm64, r-release-macos-x86_64, r-release-windows-x86_64, r-oldrel-macos-arm64, r-oldrel-macos-x86_64, r-oldrel-windows-x86_64
Version: 0.0.3
Check: dependencies in R code
Result: NOTE
Namespace in Imports field not imported from: ‘smoothmest’
All declared Imports should be used.
Flavors: r-devel-linux-x86_64-fedora-clang, r-devel-linux-x86_64-fedora-gcc, r-oldrel-macos-arm64, r-oldrel-macos-x86_64