CRAN Package Check Results for Package PanelCount

Last updated on 2022-01-24 17:50:04 CET.

Flavor Version Tinstall Tcheck Ttotal Status Flags
r-devel-linux-x86_64-debian-clang 1.0.9 30.05 44.13 74.18 OK
r-devel-linux-x86_64-debian-gcc 1.0.9 21.40 33.94 55.34 OK
r-devel-linux-x86_64-fedora-clang 1.0.9 104.66 NOTE
r-devel-linux-x86_64-fedora-gcc 1.0.9 87.70 NOTE
r-devel-windows-x86_64-new-UL 1.0.9 42.00 77.00 119.00 OK
r-devel-windows-x86_64-new-TK 1.0.9 OK
r-patched-linux-x86_64 1.0.9 28.60 43.12 71.72 OK
r-release-linux-x86_64 1.0.9 27.49 43.23 70.72 OK
r-release-macos-arm64 1.0.9 OK
r-release-macos-x86_64 1.0.9 OK
r-release-windows-ix86+x86_64 1.0.9 77.00 77.00 154.00 OK
r-oldrel-macos-x86_64 1.0.9 OK
r-oldrel-windows-ix86+x86_64 1.0.9 76.00 77.00 153.00 OK

Check Details

Version: 1.0.9
Check: compiled code
Result: NOTE
    File ‘PanelCount/libs/PanelCount.so’:
     Found no calls to: ‘R_registerRoutines’, ‘R_useDynamicSymbols’
    
    It is good practice to register native routines and to disable symbol
    search.
    
    See ‘Writing portable packages’ in the ‘Writing R Extensions’ manual.
Flavors: r-devel-linux-x86_64-fedora-clang, r-devel-linux-x86_64-fedora-gcc