Last updated on 2023-03-24 23:52:14 CET.
Flavor | Version | Tinstall | Tcheck | Ttotal | Status | Flags |
---|---|---|---|---|---|---|
r-devel-linux-x86_64-debian-clang | 2.0.1 | 65.20 | 662.15 | 727.35 | NOTE | |
r-devel-linux-x86_64-debian-gcc | 2.0.1 | 50.59 | 456.85 | 507.44 | NOTE | |
r-devel-linux-x86_64-fedora-clang | 2.0.1 | 909.07 | NOTE | |||
r-devel-linux-x86_64-fedora-gcc | 2.0.1 | 868.48 | NOTE | |||
r-devel-windows-x86_64 | 2.0.1 | 86.00 | 644.00 | 730.00 | NOTE | |
r-patched-linux-x86_64 | 2.0.1 | 50.48 | 582.10 | 632.58 | OK | |
r-release-linux-x86_64 | 2.0.1 | 55.34 | 579.27 | 634.61 | OK | |
r-release-macos-arm64 | 2.0.1 | 206.00 | NOTE | |||
r-release-macos-x86_64 | 2.0.1 | 261.00 | NOTE | |||
r-release-windows-x86_64 | 2.0.1 | 78.00 | 638.00 | 716.00 | OK | |
r-oldrel-macos-arm64 | 2.0.1 | 191.00 | NOTE | |||
r-oldrel-macos-x86_64 | 2.0.1 | 266.00 | NOTE | |||
r-oldrel-windows-ix86+x86_64 | 2.0.1 | 154.00 | 1017.00 | 1171.00 | OK |
Version: 2.0.1
Check: C++ specification
Result: NOTE
Specified C++11: please drop specification unless essential
Flavors: r-devel-linux-x86_64-debian-clang, r-devel-linux-x86_64-debian-gcc, r-devel-linux-x86_64-fedora-clang, r-devel-linux-x86_64-fedora-gcc, r-devel-windows-x86_64
Version: 2.0.1
Check: dependencies in R code
Result: NOTE
Namespace in Imports field not imported from: ‘grDevices’
All declared Imports should be used.
Flavors: r-devel-linux-x86_64-fedora-clang, r-devel-linux-x86_64-fedora-gcc, r-release-macos-arm64, r-release-macos-x86_64, r-oldrel-macos-arm64, r-oldrel-macos-x86_64