CRAN Package Check Results for Package ParamHelpers

Last updated on 2024-02-25 11:54:20 CET.

Flavor Version Tinstall Tcheck Ttotal Status Flags
r-devel-linux-x86_64-debian-clang 1.14.1 9.47 90.00 99.47 NOTE
r-devel-linux-x86_64-debian-gcc 1.14.1 7.19 66.57 73.76 NOTE
r-devel-linux-x86_64-fedora-clang 1.14.1 124.69 NOTE
r-devel-linux-x86_64-fedora-gcc 1.14.1 121.39 NOTE
r-devel-windows-x86_64 1.14.1 10.00 91.00 101.00 OK
r-patched-linux-x86_64 1.14.1 11.16 86.69 97.85 OK
r-release-linux-x86_64 1.14.1 9.86 86.51 96.37 OK
r-release-macos-arm64 1.14.1 38.00 OK
r-release-macos-x86_64 1.14.1 64.00 OK
r-release-windows-x86_64 1.14.1 12.00 107.00 119.00 OK
r-oldrel-macos-arm64 1.14.1 32.00 OK
r-oldrel-windows-x86_64 1.14.1 13.00 101.00 114.00 OK

Check Details

Version: 1.14.1
Check: Rd files
Result: NOTE checkRd: (-1) getParamNr.Rd:15: Lost braces 15 | Default is code{FALSE}.} | ^ checkRd: (-1) getRequirements.Rd:16: Lost braces 16 | code{TRUE}.} | ^ checkRd: (-1) sampleValue.Rd:15: Lost braces; missing escapes or markup? 15 | Default is code {FALSE}.} | ^ checkRd: (-1) sampleValues.Rd:18: Lost braces; missing escapes or markup? 18 | Default is code {FALSE}.} | ^ Flavors: r-devel-linux-x86_64-debian-clang, r-devel-linux-x86_64-debian-gcc, r-devel-linux-x86_64-fedora-clang, r-devel-linux-x86_64-fedora-gcc