Last updated on 2024-03-29 06:56:34 CET.
Flavor | Version | Tinstall | Tcheck | Ttotal | Status | Flags |
---|---|---|---|---|---|---|
r-devel-linux-x86_64-debian-clang | 1.14.1 | 9.79 | 90.74 | 100.53 | NOTE | |
r-devel-linux-x86_64-debian-gcc | 1.14.1 | 6.06 | 66.36 | 72.42 | NOTE | |
r-devel-linux-x86_64-fedora-clang | 1.14.1 | 119.68 | NOTE | |||
r-devel-linux-x86_64-fedora-gcc | 1.14.1 | 116.51 | NOTE | |||
r-devel-windows-x86_64 | 1.14.1 | 10.00 | 91.00 | 101.00 | NOTE | |
r-patched-linux-x86_64 | 1.14.1 | 11.40 | 87.78 | 99.18 | NOTE | |
r-release-linux-x86_64 | 1.14.1 | 8.89 | 84.61 | 93.50 | OK | |
r-release-macos-arm64 | 1.14.1 | 38.00 | OK | |||
r-release-macos-x86_64 | 1.14.1 | 64.00 | OK | |||
r-release-windows-x86_64 | 1.14.1 | 12.00 | 111.00 | 123.00 | OK | |
r-oldrel-macos-arm64 | 1.14.1 | 32.00 | OK | |||
r-oldrel-windows-x86_64 | 1.14.1 | 14.00 | 99.00 | 113.00 | OK |
Version: 1.14.1
Check: Rd files
Result: NOTE
checkRd: (-1) getParamNr.Rd:15: Lost braces
15 | Default is code{FALSE}.}
| ^
checkRd: (-1) getRequirements.Rd:16: Lost braces
16 | code{TRUE}.}
| ^
checkRd: (-1) sampleValue.Rd:15: Lost braces; missing escapes or markup?
15 | Default is code {FALSE}.}
| ^
checkRd: (-1) sampleValues.Rd:18: Lost braces; missing escapes or markup?
18 | Default is code {FALSE}.}
| ^
Flavors: r-devel-linux-x86_64-debian-clang, r-devel-linux-x86_64-debian-gcc, r-devel-linux-x86_64-fedora-clang, r-devel-linux-x86_64-fedora-gcc, r-devel-windows-x86_64, r-patched-linux-x86_64