CRAN Package Check Results for Package PerformanceAnalytics

Last updated on 2019-02-24 00:08:13 CET.

Flavor Version Tinstall Tcheck Ttotal Status Flags
r-devel-linux-x86_64-debian-clang 1.5.2 20.12 282.99 303.11 OK
r-devel-linux-x86_64-debian-gcc 1.5.2 15.50 209.02 224.52 OK
r-devel-linux-x86_64-fedora-clang 1.5.2 352.66 OK
r-devel-linux-x86_64-fedora-gcc 1.5.2 338.74 OK
r-devel-windows-ix86+x86_64 1.5.2 47.00 382.00 429.00 OK --no-vignettes
r-patched-linux-x86_64 1.5.2 18.71 258.03 276.74 NOTE
r-patched-solaris-x86 1.5.2 490.50 NOTE
r-release-linux-x86_64 1.5.2 16.35 261.96 278.31 NOTE
r-release-windows-ix86+x86_64 1.5.2 47.00 350.00 397.00 OK --no-vignettes
r-release-osx-x86_64 1.5.2 OK
r-oldrel-windows-ix86+x86_64 1.5.2 25.00 408.00 433.00 OK --no-vignettes
r-oldrel-osx-x86_64 1.5.2 OK

Check Details

Version: 1.5.2
Check: S3 generic/method consistency
Result: NOTE
    Found the following apparent S3 methods exported but not registered:
     mean.LCL mean.UCL mean.geometric mean.stderr
    See section ‘Registering S3 methods’ in the ‘Writing R Extensions’
    manual.
Flavors: r-patched-linux-x86_64, r-patched-solaris-x86, r-release-linux-x86_64