CRAN Package Check Results for Package PlackettLuce

Last updated on 2024-02-25 11:54:21 CET.

Flavor Version Tinstall Tcheck Ttotal Status Flags
r-devel-linux-x86_64-debian-clang 0.4.3 24.42 430.88 455.30 NOTE
r-devel-linux-x86_64-debian-gcc 0.4.3 18.42 309.26 327.68 NOTE
r-devel-linux-x86_64-fedora-clang 0.4.3 565.04 NOTE
r-devel-linux-x86_64-fedora-gcc 0.4.3 570.38 NOTE
r-devel-windows-x86_64 0.4.3 18.00 293.00 311.00 OK
r-patched-linux-x86_64 0.4.3 25.09 418.77 443.86 OK
r-release-linux-x86_64 0.4.3 21.35 423.73 445.08 OK
r-release-macos-arm64 0.4.3 126.00 OK
r-release-macos-x86_64 0.4.3 432.00 OK
r-release-windows-x86_64 0.4.3 24.00 375.00 399.00 OK
r-oldrel-macos-arm64 0.4.3 113.00 OK
r-oldrel-windows-x86_64 0.4.3 24.00 368.00 392.00 OK

Check Details

Version: 0.4.3
Check: Rd files
Result: NOTE checkRd: (-1) adjacency.Rd:27: Lost braces; missing escapes or markup? 27 | item j. For example, in the ranking \\{1\\} > \\{3, 4\\} > \\{2\\}, | ^ checkRd: (-1) adjacency.Rd:27: Lost braces; missing escapes or markup? 27 | item j. For example, in the ranking \\{1\\} > \\{3, 4\\} > \\{2\\}, | ^ checkRd: (-1) adjacency.Rd:27: Lost braces; missing escapes or markup? 27 | item j. For example, in the ranking \\{1\\} > \\{3, 4\\} > \\{2\\}, | ^ checkRd: (-1) rankings.Rd:127: Lost braces; missing escapes or markup? 127 | rank skipped. For example {1, 0, 2, 1}, ranks the first and fourth items in | ^ Flavors: r-devel-linux-x86_64-debian-clang, r-devel-linux-x86_64-debian-gcc, r-devel-linux-x86_64-fedora-clang, r-devel-linux-x86_64-fedora-gcc