Last updated on 2021-01-28 06:50:02 CET.
Flavor | Version | Tinstall | Tcheck | Ttotal | Status | Flags |
---|---|---|---|---|---|---|
r-devel-linux-x86_64-debian-clang | 0.1.0 | 9.34 | 71.74 | 81.08 | OK | |
r-devel-linux-x86_64-debian-gcc | 0.1.0 | 8.05 | 56.12 | 64.17 | OK | |
r-devel-linux-x86_64-fedora-clang | 0.1.0 | 106.50 | NOTE | |||
r-devel-linux-x86_64-fedora-gcc | 0.1.0 | 96.98 | NOTE | |||
r-devel-windows-ix86+x86_64 | 0.1.0 | 21.00 | 91.00 | 112.00 | OK | |
r-patched-linux-x86_64 | 0.1.0 | 6.29 | 66.85 | 73.14 | OK | |
r-patched-solaris-x86 | 0.1.0 | 138.00 | NOTE | |||
r-release-linux-x86_64 | 0.1.0 | 6.04 | 67.28 | 73.32 | OK | |
r-release-macos-x86_64 | 0.1.0 | NOTE | ||||
r-release-windows-ix86+x86_64 | 0.1.0 | 20.00 | 66.00 | 86.00 | OK | |
r-oldrel-macos-x86_64 | 0.1.0 | NOTE | ||||
r-oldrel-windows-ix86+x86_64 | 0.1.0 | 17.00 | 92.00 | 109.00 | OK |
Version: 0.1.0
Check: dependencies in R code
Result: NOTE
Namespaces in Imports field not imported from:
‘MASS’ ‘Matrix’ ‘RColorBrewer’ ‘arm’ ‘epiDisplay’ ‘foreign’ ‘gbm’
‘grid’ ‘lattice’ ‘latticeExtra’ ‘lme4’ ‘nnet’ ‘parallel’ ‘splines’
‘survey’ ‘twang’ ‘xtable’
All declared Imports should be used.
Flavors: r-devel-linux-x86_64-fedora-clang, r-devel-linux-x86_64-fedora-gcc, r-patched-solaris-x86, r-release-macos-x86_64, r-oldrel-macos-x86_64