Last updated on 2024-04-19 00:12:04 CEST.
Flavor | Version | Tinstall | Tcheck | Ttotal | Status | Flags |
---|---|---|---|---|---|---|
r-devel-linux-x86_64-debian-clang | 0.2.0 | 4.32 | 147.52 | 151.84 | NOTE | |
r-devel-linux-x86_64-debian-gcc | 0.2.0 | 4.37 | 100.91 | 105.28 | NOTE | |
r-devel-linux-x86_64-fedora-clang | 0.2.0 | 185.15 | NOTE | |||
r-devel-linux-x86_64-fedora-gcc | 0.2.0 | 186.61 | NOTE | |||
r-prerel-macos-arm64 | 0.2.0 | 55.00 | NOTE | |||
r-prerel-windows-x86_64 | 0.2.0 | 7.00 | 115.00 | 122.00 | NOTE | |
r-patched-linux-x86_64 | 0.2.0 | 5.23 | 140.68 | 145.91 | NOTE | |
r-release-linux-x86_64 | 0.2.0 | 5.16 | 137.53 | 142.69 | OK | |
r-release-macos-arm64 | 0.2.0 | 61.00 | OK | |||
r-release-macos-x86_64 | 0.2.0 | 81.00 | OK | |||
r-release-windows-x86_64 | 0.2.0 | 9.00 | 132.00 | 141.00 | OK | |
r-oldrel-macos-arm64 | 0.2.0 | 50.00 | NOTE | |||
r-oldrel-windows-x86_64 | 0.2.0 | 9.00 | 135.00 | 144.00 | OK |
Version: 0.2.0
Check: Rd files
Result: NOTE
checkRd: (-1) estimate.functional.Rd:34: Lost braces; missing escapes or markup?
34 | \item{bw}{function describing bandwidth selection (see ?gmm for alternatives). Standard is that the bandwidth depends on the sample length $T$ by $m(T)=T^{1/5}$.}
| ^
Flavors: r-devel-linux-x86_64-debian-clang, r-devel-linux-x86_64-debian-gcc, r-devel-linux-x86_64-fedora-clang, r-devel-linux-x86_64-fedora-gcc, r-prerel-macos-arm64, r-prerel-windows-x86_64, r-patched-linux-x86_64
Version: 0.2.0
Check: dependencies in R code
Result: NOTE
Namespaces in Imports field not imported from:
‘car’ ‘lubridate’
All declared Imports should be used.
Flavors: r-devel-linux-x86_64-fedora-clang, r-devel-linux-x86_64-fedora-gcc, r-oldrel-macos-arm64