Last updated on 2024-03-28 06:52:58 CET.
Flavor | Version | Tinstall | Tcheck | Ttotal | Status | Flags |
---|---|---|---|---|---|---|
r-devel-linux-x86_64-debian-clang | 1.3.2 | 46.06 | 444.46 | 490.52 | NOTE | |
r-devel-linux-x86_64-debian-gcc | 1.3.2 | 36.86 | 313.58 | 350.44 | NOTE | |
r-devel-linux-x86_64-fedora-clang | 1.3.2 | 634.95 | OK | |||
r-devel-linux-x86_64-fedora-gcc | 1.3.2 | 634.34 | OK | |||
r-devel-windows-x86_64 | 1.3.2 | 35.00 | 314.00 | 349.00 | OK | |
r-patched-linux-x86_64 | 1.3.2 | 46.24 | 412.06 | 458.30 | NOTE | |
r-release-linux-x86_64 | 1.3.2 | 29.91 | 420.02 | 449.93 | NOTE | |
r-release-macos-arm64 | 1.3.2 | 193.00 | NOTE | |||
r-release-macos-x86_64 | 1.3.2 | 320.00 | NOTE | |||
r-release-windows-x86_64 | 1.3.2 | 50.00 | 363.00 | 413.00 | NOTE | |
r-oldrel-macos-arm64 | 1.3.2 | 147.00 | NOTE | |||
r-oldrel-windows-x86_64 | 1.3.2 | 52.00 | 354.00 | 406.00 | NOTE |
Version: 1.3.2
Check: package dependencies
Result: NOTE
Package suggested but not available for checking: ‘INLA’
Flavors: r-devel-linux-x86_64-debian-clang, r-devel-linux-x86_64-debian-gcc, r-patched-linux-x86_64, r-release-linux-x86_64, r-release-macos-arm64, r-release-macos-x86_64, r-release-windows-x86_64, r-oldrel-macos-arm64, r-oldrel-windows-x86_64
Version: 1.3.2
Check: Rd cross-references
Result: NOTE
Package unavailable to check Rd xrefs: ‘INLA’
Flavors: r-devel-linux-x86_64-debian-clang, r-devel-linux-x86_64-debian-gcc, r-patched-linux-x86_64, r-release-linux-x86_64, r-release-macos-arm64, r-release-macos-x86_64, r-release-windows-x86_64, r-oldrel-macos-arm64, r-oldrel-windows-x86_64