CRAN Package Check Results for Package PoolTestR

Last updated on 2022-11-27 11:55:56 CET.

Flavor Version Tinstall Tcheck Ttotal Status Flags
r-devel-linux-x86_64-debian-clang 0.1.3 223.65 128.24 351.89 NOTE
r-devel-linux-x86_64-debian-gcc 0.1.3 209.94 104.88 314.82 NOTE
r-devel-linux-x86_64-fedora-clang 0.1.3 464.44 NOTE
r-devel-linux-x86_64-fedora-gcc 0.1.3 534.84 NOTE
r-devel-windows-x86_64 0.1.3 193.00 193.00 386.00 NOTE
r-patched-linux-x86_64 0.1.3 229.57 130.35 359.92 NOTE
r-release-linux-x86_64 0.1.3 214.33 132.84 347.17 NOTE
r-release-macos-arm64 0.1.3 138.00 NOTE
r-release-macos-x86_64 0.1.3 175.00 NOTE
r-release-windows-x86_64 0.1.3 191.00 204.00 395.00 NOTE
r-oldrel-macos-arm64 0.1.3 100.00 NOTE
r-oldrel-macos-x86_64 0.1.3 169.00 NOTE
r-oldrel-windows-ix86+x86_64 0.1.3 521.00 252.00 773.00 NOTE

Check Details

Version: 0.1.3
Check: for GNU extensions in Makefiles
Result: NOTE
    GNU make is a SystemRequirements.
Flavors: r-devel-linux-x86_64-debian-clang, r-devel-linux-x86_64-debian-gcc, r-devel-linux-x86_64-fedora-clang, r-devel-linux-x86_64-fedora-gcc, r-devel-windows-x86_64, r-patched-linux-x86_64, r-release-linux-x86_64, r-release-macos-arm64, r-release-macos-x86_64, r-release-windows-x86_64, r-oldrel-macos-arm64, r-oldrel-macos-x86_64, r-oldrel-windows-ix86+x86_64

Version: 0.1.3
Check: dependencies in R code
Result: NOTE
    Namespace in Imports field not imported from: ‘rstantools’
     All declared Imports should be used.
Flavors: r-devel-linux-x86_64-fedora-clang, r-devel-linux-x86_64-fedora-gcc, r-release-macos-arm64, r-release-macos-x86_64, r-oldrel-macos-arm64, r-oldrel-macos-x86_64

Version: 0.1.3
Check: installed package size
Result: NOTE
     installed size is 42.2Mb
     sub-directories of 1Mb or more:
     libs 41.9Mb
Flavors: r-release-macos-arm64, r-release-macos-x86_64, r-oldrel-macos-arm64, r-oldrel-macos-x86_64, r-oldrel-windows-ix86+x86_64