CRAN Package Check Results for Package PopED

Last updated on 2019-02-23 05:53:47 CET.

Flavor Version Tinstall Tcheck Ttotal Status Flags
r-devel-linux-x86_64-debian-clang 0.4.0 19.89 446.60 466.49 OK
r-devel-linux-x86_64-debian-gcc 0.4.0 14.82 318.87 333.69 OK
r-devel-linux-x86_64-fedora-clang 0.4.0 520.48 NOTE
r-devel-linux-x86_64-fedora-gcc 0.4.0 482.41 NOTE
r-devel-windows-ix86+x86_64 0.4.0 33.00 459.00 492.00 OK
r-patched-linux-x86_64 0.4.0 18.37 434.43 452.80 OK
r-patched-solaris-x86 0.4.0 525.80 NOTE
r-release-linux-x86_64 0.4.0 OK
r-release-windows-ix86+x86_64 0.4.0 34.00 572.00 606.00 OK
r-release-osx-x86_64 0.4.0 NOTE
r-oldrel-windows-ix86+x86_64 0.4.0 23.00 479.00 502.00 OK
r-oldrel-osx-x86_64 0.4.0 NOTE

Check Details

Version: 0.4.0
Check: dependencies in R code
Result: NOTE
    Namespace in Imports field not imported from: ‘tidyr’
     All declared Imports should be used.
Flavors: r-devel-linux-x86_64-fedora-clang, r-devel-linux-x86_64-fedora-gcc, r-patched-solaris-x86, r-release-osx-x86_64, r-oldrel-osx-x86_64