CRAN Package Check Results for Package PopED

Last updated on 2019-07-16 05:48:26 CEST.

Flavor Version Tinstall Tcheck Ttotal Status Flags
r-devel-linux-x86_64-debian-clang 0.4.0 21.04 393.19 414.23 NOTE
r-devel-linux-x86_64-debian-gcc 0.4.0 15.80 287.48 303.28 NOTE
r-devel-linux-x86_64-fedora-clang 0.4.0 512.44 NOTE
r-devel-linux-x86_64-fedora-gcc 0.4.0 494.35 NOTE
r-devel-windows-ix86+x86_64 0.4.0 43.00 518.00 561.00 OK
r-patched-linux-x86_64 0.4.0 21.15 388.25 409.40 OK
r-patched-solaris-x86 0.4.0 594.90 NOTE
r-release-linux-x86_64 0.4.0 21.51 388.27 409.78 OK
r-release-windows-ix86+x86_64 0.4.0 23.00 508.00 531.00 OK
r-release-osx-x86_64 0.4.0 NOTE
r-oldrel-windows-ix86+x86_64 0.4.0 34.00 590.00 624.00 OK
r-oldrel-osx-x86_64 0.4.0 NOTE

Check Details

Version: 0.4.0
Check: for non-standard things in the check directory
Result: NOTE
    Found the following files/directories:
     'PopED_output_summary_D_cont_opt_1.txt' 'PopED_output_summary_RS.txt'
     'PopED_output_summary_mfea_opt_1.txt' 'test.csv'
Flavors: r-devel-linux-x86_64-debian-clang, r-devel-linux-x86_64-debian-gcc, r-devel-linux-x86_64-fedora-clang, r-devel-linux-x86_64-fedora-gcc

Version: 0.4.0
Check: dependencies in R code
Result: NOTE
    Namespace in Imports field not imported from: ‘tidyr’
     All declared Imports should be used.
Flavors: r-devel-linux-x86_64-fedora-clang, r-devel-linux-x86_64-fedora-gcc, r-patched-solaris-x86, r-release-osx-x86_64, r-oldrel-osx-x86_64