Last updated on 2024-04-25 17:50:00 CEST.
Flavor | Version | Tinstall | Tcheck | Ttotal | Status | Flags |
---|---|---|---|---|---|---|
r-devel-linux-x86_64-debian-clang | 2.0 | 2.68 | 43.17 | 45.85 | NOTE | |
r-devel-linux-x86_64-debian-gcc | 2.0 | 2.36 | 32.67 | 35.03 | NOTE | |
r-devel-linux-x86_64-fedora-clang | 2.0 | 61.21 | NOTE | |||
r-devel-linux-x86_64-fedora-gcc | 2.0 | 62.50 | NOTE | |||
r-devel-windows-x86_64 | 2.0 | 4.00 | 53.00 | 57.00 | NOTE | |
r-patched-linux-x86_64 | 2.0 | 3.61 | 40.56 | 44.17 | NOTE | |
r-release-linux-x86_64 | 2.0 | 3.19 | 39.18 | 42.37 | OK | |
r-release-macos-arm64 | 2.0 | 27.00 | NOTE | |||
r-release-windows-x86_64 | 2.0 | 3.00 | 51.00 | 54.00 | NOTE | |
r-oldrel-macos-arm64 | 2.0 | 25.00 | OK | |||
r-oldrel-macos-x86_64 | 2.0 | 44.00 | OK | |||
r-oldrel-windows-x86_64 | 2.0 | 3.00 | 54.00 | 57.00 | OK |
Version: 2.0
Check: Rd files
Result: NOTE
checkRd: (-1) findbeta.Rd:20: Lost braces; missing escapes or markup?
20 | \item{lower.v}{logical, if TRUE the specified percentile.value is the upper limit for the mean (or the median or the mode) at the specified confidence level (percentile). If {FALSE} the specified percentile.value is the lower limit for the mean (or the median or the mode) at the specified confidence level (percentile). The default is FALSE.}
| ^
Flavors: r-devel-linux-x86_64-debian-clang, r-devel-linux-x86_64-debian-gcc, r-devel-linux-x86_64-fedora-clang, r-devel-linux-x86_64-fedora-gcc, r-devel-windows-x86_64, r-patched-linux-x86_64, r-release-macos-arm64, r-release-windows-x86_64