CRAN Package Check Results for Package ProFit

Last updated on 2021-04-20 17:50:57 CEST.

Flavor Version Tinstall Tcheck Ttotal Status Flags
r-devel-linux-x86_64-debian-clang 1.3.3 67.45 111.97 179.42 OK
r-devel-linux-x86_64-debian-gcc 1.3.3 47.93 83.39 131.32 OK
r-devel-linux-x86_64-fedora-clang 1.3.3 250.27 NOTE
r-devel-linux-x86_64-fedora-gcc 1.3.3 194.63 OK
r-devel-windows-ix86+x86_64 1.3.3 101.00 160.00 261.00 NOTE
r-devel-windows-x86_64-gcc10-UCRT 1.3.3 NOTE
r-patched-linux-x86_64 1.3.3 63.32 105.89 169.21 OK
r-patched-solaris-x86 1.3.3 337.10 NOTE
r-release-linux-x86_64 1.3.3 58.51 105.37 163.88 OK
r-release-macos-x86_64 1.3.3 NOTE
r-release-windows-ix86+x86_64 1.3.3 104.00 162.00 266.00 NOTE
r-oldrel-macos-x86_64 1.3.3 WARN
r-oldrel-windows-ix86+x86_64 1.3.3 83.00 179.00 262.00 NOTE

Check Details

Version: 1.3.3
Check: installed package size
Result: NOTE
     installed size is 13.7Mb
     sub-directories of 1Mb or more:
     extdata 7.4Mb
     libs 5.2Mb
Flavors: r-devel-linux-x86_64-fedora-clang, r-devel-windows-ix86+x86_64, r-patched-solaris-x86, r-release-macos-x86_64, r-release-windows-ix86+x86_64, r-oldrel-macos-x86_64, r-oldrel-windows-ix86+x86_64

Version: 1.3.3
Check: line endings in C/C++/Fortran sources/headers
Result: NOTE
    Found the following sources/headers not terminated with a newline:
     src/libprofit/include/profit/config.h
    Some compilers warn on such files.
Flavor: r-devel-windows-x86_64-gcc10-UCRT

Version: 1.3.3
Check: dependencies in R code
Result: NOTE
    No protocol specified
    No protocol specified
Flavor: r-oldrel-macos-x86_64

Version: 1.3.3
Check: S3 generic/method consistency
Result: WARN
    No protocol specified
    No protocol specified
    See section ‘Generic functions and methods’ in the ‘Writing R
    Extensions’ manual.
Flavor: r-oldrel-macos-x86_64

Version: 1.3.3
Check: replacement functions
Result: WARN
    No protocol specified
    No protocol specified
    The argument of a replacement function which corresponds to the right
    hand side must be named ‘value’.
Flavor: r-oldrel-macos-x86_64

Version: 1.3.3
Check: foreign function calls
Result: NOTE
    No protocol specified
    No protocol specified
    See chapter ‘System and foreign language interfaces’ in the ‘Writing R
    Extensions’ manual.
Flavor: r-oldrel-macos-x86_64

Version: 1.3.3
Check: R code for possible problems
Result: NOTE
    No protocol specified
    No protocol specified
Flavor: r-oldrel-macos-x86_64

Version: 1.3.3
Check: for missing documentation entries
Result: WARN
    No protocol specified
    No protocol specified
    All user-level objects in a package should have documentation entries.
    See chapter ‘Writing R documentation files’ in the ‘Writing R
    Extensions’ manual.
Flavor: r-oldrel-macos-x86_64

Version: 1.3.3
Check: for code/documentation mismatches
Result: WARN
    No protocol specified
    No protocol specified
    No protocol specified
    No protocol specified
    No protocol specified
    No protocol specified
Flavor: r-oldrel-macos-x86_64

Version: 1.3.3
Check: Rd \usage sections
Result: NOTE
    No protocol specified
    No protocol specified
    The \usage entries for S3 methods should use the \method markup and not
    their full name.
    See chapter ‘Writing R documentation files’ in the ‘Writing R
    Extensions’ manual.
Flavor: r-oldrel-macos-x86_64