CRAN Package Check Results for Package ProFound

Last updated on 2021-06-16 11:54:29 CEST.

Flavor Version Tinstall Tcheck Ttotal Status Flags
r-devel-linux-x86_64-debian-clang 1.14.1 78.24 109.06 187.30 OK
r-devel-linux-x86_64-debian-gcc 1.14.1 52.12 81.30 133.42 OK
r-devel-linux-x86_64-fedora-clang 1.14.1 258.76 NOTE
r-devel-linux-x86_64-fedora-gcc 1.14.1 232.77 OK
r-devel-windows-x86_64 1.14.1 91.00 134.00 225.00 NOTE
r-devel-windows-x86_64-gcc10-UCRT 1.14.1 OK
r-patched-linux-x86_64 1.14.1 65.06 105.43 170.49 OK
r-patched-solaris-x86 1.14.1 258.70 OK
r-release-linux-x86_64 1.14.1 61.09 104.92 166.01 OK
r-release-macos-arm64 1.14.1 NOTE
r-release-macos-x86_64 1.14.1 NOTE
r-release-windows-ix86+x86_64 1.14.1 165.00 159.00 324.00 NOTE
r-oldrel-macos-x86_64 1.14.1 NOTE
r-oldrel-windows-ix86+x86_64 1.14.1 115.00 156.00 271.00 NOTE

Check Details

Version: 1.14.1
Check: installed package size
Result: NOTE
     installed size is 6.5Mb
     sub-directories of 1Mb or more:
     data 1.7Mb
     extdata 1.2Mb
     libs 2.5Mb
Flavors: r-devel-linux-x86_64-fedora-clang, r-devel-windows-x86_64, r-release-macos-arm64, r-release-macos-x86_64, r-release-windows-ix86+x86_64, r-oldrel-macos-x86_64, r-oldrel-windows-ix86+x86_64

Version: 1.14.1
Check: package dependencies
Result: NOTE
    Package suggested but not available for checking: ‘EBImage’
Flavor: r-release-macos-arm64