Last updated on 2024-08-31 23:49:11 CEST.
Flavor | Version | Tinstall | Tcheck | Ttotal | Status | Flags |
---|---|---|---|---|---|---|
r-devel-linux-x86_64-debian-clang | 0.3.2 | 26.60 | 73.80 | 100.40 | NOTE | |
r-devel-linux-x86_64-debian-gcc | 0.3.2 | 20.92 | 53.12 | 74.04 | NOTE | |
r-devel-linux-x86_64-fedora-clang | 0.3.2 | 165.67 | NOTE | |||
r-devel-linux-x86_64-fedora-gcc | 0.3.2 | 179.95 | NOTE | |||
r-devel-windows-x86_64 | 0.3.2 | 34.00 | 101.00 | 135.00 | NOTE | |
r-patched-linux-x86_64 | 0.3.2 | 29.21 | 69.86 | 99.07 | NOTE | |
r-release-linux-x86_64 | 0.3.2 | 29.62 | 71.66 | 101.28 | NOTE | |
r-release-macos-arm64 | 0.3.2 | 48.00 | NOTE | |||
r-release-macos-x86_64 | 0.3.2 | 67.00 | NOTE | |||
r-release-windows-x86_64 | 0.3.2 | 32.00 | 102.00 | 134.00 | NOTE | |
r-oldrel-macos-arm64 | 0.3.2 | 53.00 | OK | |||
r-oldrel-macos-x86_64 | 0.3.2 | 89.00 | OK | |||
r-oldrel-windows-x86_64 | 0.3.2 | 41.00 | 126.00 | 167.00 | OK |
Version: 0.3.2
Check: Rd files
Result: NOTE
checkRd: (-1) proc.Rd:27: Lost braces in \itemize; meant \describe ?
checkRd: (-1) proc.Rd:28: Lost braces in \itemize; meant \describe ?
Flavors: r-devel-linux-x86_64-debian-clang, r-devel-linux-x86_64-debian-gcc, r-devel-linux-x86_64-fedora-clang, r-devel-linux-x86_64-fedora-gcc, r-devel-windows-x86_64, r-patched-linux-x86_64, r-release-linux-x86_64, r-release-macos-arm64, r-release-macos-x86_64, r-release-windows-x86_64