CRAN Package Check Results for Package PsyControl

Last updated on 2020-11-24 11:52:07 CET.

Flavor Version Tinstall Tcheck Ttotal Status Flags
r-devel-linux-x86_64-debian-clang 1.0.0.0 9.67 67.68 77.35 OK
r-devel-linux-x86_64-debian-gcc 1.0.0.0 7.38 56.98 64.36 OK
r-devel-linux-x86_64-fedora-clang 1.0.0.0 101.83 OK
r-devel-linux-x86_64-fedora-gcc 1.0.0.0 91.52 OK
r-devel-windows-ix86+x86_64 1.0.0.0 17.00 73.00 90.00 OK
r-patched-linux-x86_64 1.0.0.0 9.35 65.62 74.97 OK
r-patched-solaris-x86 1.0.0.0 134.30 OK
r-release-linux-x86_64 1.0.0.0 8.30 64.92 73.22 OK
r-release-macos-x86_64 1.0.0.0 OK
r-release-windows-ix86+x86_64 1.0.0.0 12.00 70.00 82.00 OK
r-oldrel-macos-x86_64 1.0.0.0 FAIL
r-oldrel-windows-ix86+x86_64 1.0.0.0 11.00 64.00 75.00 OK

Check Details

Version: 1.0.0.0
Check: whether package can be installed
Result: FAIL
Flavor: r-oldrel-macos-x86_64