Last updated on 2024-04-23 23:56:13 CEST.
Flavor | Version | Tinstall | Tcheck | Ttotal | Status | Flags |
---|---|---|---|---|---|---|
r-devel-linux-x86_64-debian-clang | 0.1.7 | 3.64 | 35.76 | 39.40 | NOTE | |
r-devel-linux-x86_64-debian-gcc | 0.1.7 | 2.43 | 27.82 | 30.25 | NOTE | |
r-devel-linux-x86_64-fedora-clang | 0.1.7 | 51.37 | NOTE | |||
r-devel-linux-x86_64-fedora-gcc | 0.1.7 | 59.98 | NOTE | |||
r-prerel-macos-arm64 | 0.1.7 | 22.00 | NOTE | |||
r-prerel-windows-x86_64 | 0.1.7 | 4.00 | 48.00 | 52.00 | NOTE | |
r-patched-linux-x86_64 | 0.1.7 | 2.63 | 35.74 | 38.37 | NOTE | |
r-release-linux-x86_64 | 0.1.7 | 3.20 | 33.26 | 36.46 | NOTE | |
r-release-macos-arm64 | 0.1.7 | 24.00 | NOTE | |||
r-release-macos-x86_64 | 0.1.7 | 37.00 | NOTE | |||
r-release-windows-x86_64 | 0.1.7 | 4.00 | 50.00 | 54.00 | NOTE | |
r-oldrel-macos-arm64 | 0.1.7 | 20.00 | NOTE | |||
r-oldrel-windows-x86_64 | 0.1.7 | 5.00 | 57.00 | 62.00 | NOTE |
Version: 0.1.7
Check: LazyData
Result: NOTE
'LazyData' is specified without a 'data' directory
Flavors: r-devel-linux-x86_64-debian-clang, r-devel-linux-x86_64-debian-gcc, r-devel-linux-x86_64-fedora-clang, r-devel-linux-x86_64-fedora-gcc, r-prerel-macos-arm64, r-prerel-windows-x86_64, r-patched-linux-x86_64, r-release-linux-x86_64, r-release-macos-arm64, r-release-macos-x86_64, r-release-windows-x86_64, r-oldrel-macos-arm64, r-oldrel-windows-x86_64