Last updated on 2023-11-29 05:52:28 CET.
Flavor | Version | Tinstall | Tcheck | Ttotal | Status | Flags |
---|---|---|---|---|---|---|
r-devel-linux-x86_64-debian-clang | 1.2.0 | 222.71 | 112.36 | 335.07 | OK | |
r-devel-linux-x86_64-debian-gcc | 1.2.0 | 186.25 | 82.43 | 268.68 | OK | |
r-devel-linux-x86_64-fedora-clang | 1.2.0 | 427.40 | OK | |||
r-devel-linux-x86_64-fedora-gcc | 1.2.0 | 560.70 | OK | |||
r-devel-windows-x86_64 | 1.2.0 | 154.00 | 151.00 | 305.00 | NOTE | |
r-patched-linux-x86_64 | 1.2.0 | 212.30 | 105.00 | 317.30 | OK | |
r-release-linux-x86_64 | 1.2.0 | 153.70 | 105.54 | 259.24 | OK | |
r-release-macos-arm64 | 1.2.0 | 115.00 | NOTE | |||
r-release-macos-x86_64 | 1.2.0 | 320.00 | NOTE | |||
r-release-windows-x86_64 | 1.2.0 | 207.00 | 177.00 | 384.00 | NOTE | |
r-oldrel-macos-arm64 | 1.2.0 | 117.00 | NOTE | |||
r-oldrel-macos-x86_64 | 1.1.2 | 154.00 | NOTE | |||
r-oldrel-windows-x86_64 | 1.2.0 | 192.00 | 159.00 | 351.00 | NOTE |
Version: 1.2.0
Check: installed package size
Result: NOTE
installed size is 26.3Mb
sub-directories of 1Mb or more:
libs 25.7Mb
Flavors: r-devel-windows-x86_64, r-release-macos-arm64, r-release-macos-x86_64, r-release-windows-x86_64, r-oldrel-macos-arm64, r-oldrel-windows-x86_64
Version: 1.1.2
Check: installed package size
Result: NOTE
installed size is 85.8Mb
sub-directories of 1Mb or more:
libs 85.2Mb
Flavor: r-oldrel-macos-x86_64