Last updated on 2024-04-23 23:56:13 CEST.
Flavor | Version | Tinstall | Tcheck | Ttotal | Status | Flags |
---|---|---|---|---|---|---|
r-devel-linux-x86_64-debian-clang | 1.2.0 | 260.86 | 125.52 | 386.38 | OK | |
r-devel-linux-x86_64-debian-gcc | 1.2.0 | 247.84 | 89.10 | 336.94 | OK | |
r-devel-linux-x86_64-fedora-clang | 1.2.0 | 450.73 | OK | |||
r-devel-linux-x86_64-fedora-gcc | 1.2.0 | 648.70 | OK | |||
r-prerel-macos-arm64 | 1.2.0 | 130.00 | NOTE | |||
r-prerel-windows-x86_64 | 1.2.0 | 187.00 | 146.00 | 333.00 | NOTE | |
r-patched-linux-x86_64 | 1.2.0 | 224.80 | 118.03 | 342.83 | OK | |
r-release-linux-x86_64 | 1.2.0 | 280.28 | 112.88 | 393.16 | OK | |
r-release-macos-arm64 | 1.2.0 | 115.00 | NOTE | |||
r-release-macos-x86_64 | 1.2.0 | 320.00 | NOTE | |||
r-release-windows-x86_64 | 1.2.0 | 250.00 | 188.00 | 438.00 | NOTE | |
r-oldrel-macos-arm64 | 1.2.0 | 117.00 | NOTE | |||
r-oldrel-windows-x86_64 | 1.2.0 | 231.00 | 164.00 | 395.00 | NOTE |
Version: 1.2.0
Check: installed package size
Result: NOTE
installed size is 114.6Mb
sub-directories of 1Mb or more:
libs 113.8Mb
Flavors: r-prerel-macos-arm64, r-prerel-windows-x86_64, r-release-macos-arm64, r-release-macos-x86_64, r-release-windows-x86_64, r-oldrel-macos-arm64, r-oldrel-windows-x86_64