CRAN Package Check Results for Package R2MLwiN

Last updated on 2024-07-21 23:49:34 CEST.

Flavor Version Tinstall Tcheck Ttotal Status Flags
r-devel-linux-x86_64-debian-clang 0.8-9 58.45 213.54 271.99 OK
r-devel-linux-x86_64-debian-gcc 0.8-9 45.93 154.31 200.24 NOTE
r-devel-linux-x86_64-fedora-clang 0.8-9 378.02 NOTE
r-devel-linux-x86_64-fedora-gcc 0.8-9 342.37 OK
r-devel-windows-x86_64 0.8-9 53.00 160.00 213.00 NOTE
r-patched-linux-x86_64 0.8-9 50.75 202.04 252.79 OK
r-release-linux-x86_64 0.8-9 41.94 200.85 242.79 OK
r-release-macos-arm64 0.8-9 80.00 OK
r-release-macos-x86_64 0.8-9 135.00 OK
r-release-windows-x86_64 0.8-9 51.00 160.00 211.00 OK
r-oldrel-macos-arm64 0.8-9 87.00 OK
r-oldrel-macos-x86_64 0.8-9 186.00 OK
r-oldrel-windows-x86_64 0.8-9 67.00 197.00 264.00 OK

Check Details

Version: 0.8-9
Check: Rd cross-references
Result: NOTE Found the following Rd file(s) with Rd \link{} targets missing package anchors: runMLwiN.Rd: mcmc.list sixway.Rd: mcmc, mcmc.list Please provide package anchors for all Rd \link{} targets not in the package itself and the base packages. Flavors: r-devel-linux-x86_64-debian-gcc, r-devel-windows-x86_64

Version: 0.8-9
Check: Rd cross-references
Result: NOTE Undeclared package ‘generics’ in Rd xrefs Flavor: r-devel-linux-x86_64-fedora-clang