Last updated on 2022-06-30 17:49:53 CEST.
Flavor | Version | Tinstall | Tcheck | Ttotal | Status | Flags |
---|---|---|---|---|---|---|
r-devel-linux-x86_64-debian-clang | 3.2-3.2.1 | 5.53 | 46.50 | 52.03 | NOTE | |
r-devel-linux-x86_64-debian-gcc | 3.2-3.2.1 | 3.82 | 36.17 | 39.99 | NOTE | |
r-devel-linux-x86_64-fedora-clang | 3.2-3.2.1 | 73.63 | OK | |||
r-devel-linux-x86_64-fedora-gcc | 3.2-3.2.1 | 76.50 | OK | |||
r-devel-windows-x86_64 | 3.2-3.2.1 | 85.00 | 95.00 | 180.00 | OK | |
r-patched-linux-x86_64 | 3.2-3.2.1 | 5.66 | 44.85 | 50.51 | NOTE | |
r-release-linux-x86_64 | 3.2-3.2.1 | 4.49 | 44.53 | 49.02 | NOTE | |
r-release-macos-arm64 | 3.2-3.2.1 | 24.00 | OK | |||
r-release-macos-x86_64 | 3.2-3.2.1 | 34.00 | OK | |||
r-release-windows-x86_64 | 3.2-3.2.1 | 84.00 | 92.00 | 176.00 | OK | |
r-oldrel-macos-arm64 | 3.2-3.2.1 | 31.00 | OK | |||
r-oldrel-macos-x86_64 | 3.2-3.2.1 | 41.00 | OK | |||
r-oldrel-windows-ix86+x86_64 | 3.2-3.2.1 | 9.00 | 66.00 | 75.00 | OK |
Version: 3.2-3.2.1
Check: R code for possible problems
Result: NOTE
Found the following calls to attach():
File 'R2OpenBUGS/R/attach.all.R':
attach(x, name = name)
See section 'Good practice' in '?attach'.
Flavors: r-devel-linux-x86_64-debian-clang, r-devel-linux-x86_64-debian-gcc, r-patched-linux-x86_64, r-release-linux-x86_64