Last updated on 2024-04-18 06:09:57 CEST.
Flavor | Version | Tinstall | Tcheck | Ttotal | Status | Flags |
---|---|---|---|---|---|---|
r-devel-linux-x86_64-debian-clang | 3.2-3.2.1 | 4.88 | 50.13 | 55.01 | NOTE | |
r-devel-linux-x86_64-debian-gcc | 3.2-3.2.1 | 3.93 | 37.79 | 41.72 | NOTE | |
r-devel-linux-x86_64-fedora-clang | 3.2-3.2.1 | 69.65 | NOTE | |||
r-devel-linux-x86_64-fedora-gcc | 3.2-3.2.1 | 78.19 | NOTE | |||
r-prerel-macos-arm64 | 3.2-3.2.1 | 30.00 | NOTE | |||
r-prerel-windows-x86_64 | 3.2-3.2.1 | 5.00 | 80.00 | 85.00 | NOTE | |
r-patched-linux-x86_64 | 3.2-3.2.1 | 4.65 | 48.87 | 53.52 | NOTE | |
r-release-linux-x86_64 | 3.2-3.2.1 | 4.46 | 46.65 | 51.11 | NOTE | |
r-release-macos-arm64 | 3.2-3.2.1 | 31.00 | OK | |||
r-release-macos-x86_64 | 3.2-3.2.1 | 46.00 | OK | |||
r-release-windows-x86_64 | 3.2-3.2.1 | 6.00 | 77.00 | 83.00 | OK | |
r-oldrel-macos-arm64 | 3.2-3.2.1 | 26.00 | OK | |||
r-oldrel-windows-x86_64 | 3.2-3.2.1 | 7.00 | 78.00 | 85.00 | OK |
Version: 3.2-3.2.1
Check: R code for possible problems
Result: NOTE
Found the following calls to attach():
File ‘R2OpenBUGS/R/attach.all.R’:
attach(x, name = name)
See section ‘Good practice’ in ‘?attach’.
Flavors: r-devel-linux-x86_64-debian-clang, r-devel-linux-x86_64-debian-gcc, r-patched-linux-x86_64, r-release-linux-x86_64
Version: 3.2-3.2.1
Check: Rd files
Result: NOTE
checkRd: (-1) bugs.Rd:158: Lost braces in \itemize; meant \describe ?
checkRd: (-1) bugs.Rd:163: Lost braces in \itemize; meant \describe ?
checkRd: (-1) bugs.Rd:164: Lost braces in \itemize; meant \describe ?
checkRd: (-1) bugs.Rd:166: Lost braces in \itemize; meant \describe ?
Flavors: r-devel-linux-x86_64-debian-clang, r-devel-linux-x86_64-debian-gcc, r-devel-linux-x86_64-fedora-clang, r-devel-linux-x86_64-fedora-gcc, r-prerel-macos-arm64, r-prerel-windows-x86_64, r-patched-linux-x86_64