Last updated on 2024-08-31 23:49:12 CEST.
Flavor | Version | Tinstall | Tcheck | Ttotal | Status | Flags |
---|---|---|---|---|---|---|
r-devel-linux-x86_64-debian-clang | 0.9-9 | 20.01 | 23.10 | 43.11 | OK | |
r-devel-linux-x86_64-debian-gcc | 0.9-9 | 15.19 | 18.61 | 33.80 | OK | |
r-devel-linux-x86_64-fedora-clang | 0.9-9 | 70.97 | OK | |||
r-devel-linux-x86_64-fedora-gcc | 0.9-9 | 80.45 | OK | |||
r-devel-windows-x86_64 | 0.9-9 | 48.00 | 64.00 | 112.00 | OK | |
r-patched-linux-x86_64 | 0.9-9 | 19.07 | 22.25 | 41.32 | OK | |
r-release-linux-x86_64 | 0.9-9 | 19.59 | 22.25 | 41.84 | OK | |
r-release-macos-arm64 | 0.9-9 | 32.00 | NOTE | |||
r-release-macos-x86_64 | 0.9-9 | 40.00 | NOTE | |||
r-release-windows-x86_64 | 0.9-9 | 45.00 | 63.00 | 108.00 | OK | |
r-oldrel-macos-arm64 | 0.9-9 | 36.00 | NOTE | |||
r-oldrel-macos-x86_64 | 0.9-9 | 56.00 | NOTE | |||
r-oldrel-windows-x86_64 | 0.9-9 | 49.00 | 72.00 | 121.00 | OK |
Version: 0.9-9
Check: installed package size
Result: NOTE
installed size is 19.3Mb
sub-directories of 1Mb or more:
libs 19.2Mb
Flavors: r-release-macos-arm64, r-release-macos-x86_64, r-oldrel-macos-arm64, r-oldrel-macos-x86_64