Last updated on 2022-05-26 23:53:04 CEST.
Flavor | Version | Tinstall | Tcheck | Ttotal | Status | Flags |
---|---|---|---|---|---|---|
r-devel-linux-x86_64-debian-clang | 0.1.0 | 2.28 | 52.33 | 54.61 | OK | |
r-devel-linux-x86_64-debian-gcc | 0.1.0 | 2.25 | 43.87 | 46.12 | OK | |
r-devel-linux-x86_64-fedora-clang | 0.1.0 | 64.17 | NOTE | |||
r-devel-linux-x86_64-fedora-gcc | 0.1.0 | 62.03 | NOTE | |||
r-devel-windows-x86_64 | 0.1.0 | 21.00 | 72.00 | 93.00 | OK | |
r-patched-linux-x86_64 | 0.1.0 | 2.33 | 50.63 | 52.96 | OK | |
r-release-linux-x86_64 | 0.1.0 | 2.34 | 49.90 | 52.24 | OK | |
r-release-macos-arm64 | 0.1.0 | 22.00 | NOTE | |||
r-release-macos-x86_64 | 0.1.0 | 45.00 | NOTE | |||
r-release-windows-x86_64 | 0.1.0 | 51.00 | 73.00 | 124.00 | OK | |
r-oldrel-macos-arm64 | 0.1.0 | 24.00 | NOTE | |||
r-oldrel-macos-x86_64 | 0.1.0 | 40.00 | NOTE | |||
r-oldrel-windows-ix86+x86_64 | 0.1.0 | 8.00 | 60.00 | 68.00 | OK |
Version: 0.1.0
Check: dependencies in R code
Result: NOTE
Namespace in Imports field not imported from: ‘gridExtra’
All declared Imports should be used.
Flavors: r-devel-linux-x86_64-fedora-clang, r-devel-linux-x86_64-fedora-gcc, r-release-macos-arm64, r-release-macos-x86_64, r-oldrel-macos-arm64, r-oldrel-macos-x86_64