Last updated on 2024-04-25 06:02:22 CEST.
Flavor | Version | Tinstall | Tcheck | Ttotal | Status | Flags |
---|---|---|---|---|---|---|
r-devel-linux-x86_64-debian-clang | 1.1 | 8.67 | 80.55 | 89.22 | OK | |
r-devel-linux-x86_64-debian-gcc | 1.1 | 6.67 | 59.79 | 66.46 | OK | |
r-devel-linux-x86_64-fedora-clang | 1.1 | 110.10 | NOTE | |||
r-devel-linux-x86_64-fedora-gcc | 1.1 | 109.38 | NOTE | |||
r-devel-windows-x86_64 | 1.1 | 11.00 | 81.00 | 92.00 | OK | |
r-patched-linux-x86_64 | 1.1 | 11.22 | 77.19 | 88.41 | OK | |
r-release-linux-x86_64 | 1.1 | 7.53 | 76.11 | 83.64 | OK | |
r-release-macos-arm64 | 1.1 | 34.00 | OK | |||
r-release-macos-x86_64 | 1.1 | 70.00 | OK | |||
r-release-windows-x86_64 | 1.1 | 8.00 | 81.00 | 89.00 | OK | |
r-oldrel-macos-arm64 | 1.1 | 35.00 | OK | |||
r-oldrel-macos-x86_64 | 1.1 | 61.00 | OK | |||
r-oldrel-windows-x86_64 | 1.1 | 10.00 | 96.00 | 106.00 | OK |
Version: 1.1
Check: compiled code
Result: NOTE
File ‘RANKS/libs/RANKS.so’:
Found no calls to: ‘R_registerRoutines’, ‘R_useDynamicSymbols’
It is good practice to register native routines and to disable symbol
search.
See ‘Writing portable packages’ in the ‘Writing R Extensions’ manual.
Flavors: r-devel-linux-x86_64-fedora-clang, r-devel-linux-x86_64-fedora-gcc