Last updated on 2024-03-29 00:50:58 CET.
Flavor | Version | Tinstall | Tcheck | Ttotal | Status | Flags |
---|---|---|---|---|---|---|
r-devel-linux-x86_64-debian-clang | 2.6.1 | 16.59 | 146.59 | 163.18 | NOTE | |
r-devel-linux-x86_64-debian-gcc | 2.6.1 | 10.06 | 107.52 | 117.58 | NOTE | |
r-devel-linux-x86_64-fedora-clang | 2.6.1 | 214.70 | NOTE | |||
r-devel-linux-x86_64-fedora-gcc | 2.6.1 | 207.89 | NOTE | |||
r-devel-windows-x86_64 | 2.6.1 | 13.00 | 153.00 | 166.00 | NOTE | |
r-patched-linux-x86_64 | 2.6.1 | 20.23 | 137.30 | 157.53 | NOTE | |
r-release-linux-x86_64 | 2.6.1 | 15.32 | 139.60 | 154.92 | OK | |
r-release-macos-arm64 | 2.6.1 | 69.00 | OK | |||
r-release-macos-x86_64 | 2.6.1 | 109.00 | OK | |||
r-release-windows-x86_64 | 2.6.1 | 17.00 | 169.00 | 186.00 | OK | |
r-oldrel-macos-arm64 | 2.6.1 | 63.00 | OK | |||
r-oldrel-windows-x86_64 | 2.6.1 | 19.00 | 164.00 | 183.00 | OK |
Version: 2.6.1
Check: Rd files
Result: NOTE
checkRd: (-1) dbConnect-AthenaDriver-method.Rd:109-111: Lost braces in \itemize; meant \describe ?
checkRd: (-1) dbConnect-AthenaDriver-method.Rd:115-120: Lost braces in \itemize; meant \describe ?
checkRd: (-1) dbConnect-AthenaDriver-method.Rd:121-124: Lost braces in \itemize; meant \describe ?
checkRd: (-1) dbConnect-AthenaDriver-method.Rd:125-127: Lost braces in \itemize; meant \describe ?
checkRd: (-1) dbConnect-AthenaDriver-method.Rd:128-138: Lost braces in \itemize; meant \describe ?
Flavors: r-devel-linux-x86_64-debian-clang, r-devel-linux-x86_64-debian-gcc, r-devel-linux-x86_64-fedora-clang, r-devel-linux-x86_64-fedora-gcc, r-devel-windows-x86_64, r-patched-linux-x86_64