CRAN Package Check Results for Package RBMRB

Last updated on 2021-06-20 05:48:36 CEST.

Flavor Version Tinstall Tcheck Ttotal Status Flags
r-devel-linux-x86_64-debian-clang 2.1.4 6.80 60.08 66.88 NOTE
r-devel-linux-x86_64-debian-gcc 2.1.4 6.03 44.85 50.88 NOTE
r-devel-linux-x86_64-fedora-clang 2.1.4 89.67 NOTE
r-devel-linux-x86_64-fedora-gcc 2.1.4 75.06 NOTE
r-devel-windows-x86_64 2.1.4 12.00 81.00 93.00 NOTE
r-devel-windows-x86_64-gcc10-UCRT 2.1.4 NOTE
r-patched-linux-x86_64 2.1.4 7.35 55.13 62.48 NOTE
r-patched-solaris-x86 2.1.4 108.20 NOTE
r-release-linux-x86_64 2.1.4 6.63 55.55 62.18 NOTE
r-release-macos-arm64 2.1.4 NOTE
r-release-macos-x86_64 2.1.4 NOTE
r-release-windows-ix86+x86_64 2.1.4 17.00 89.00 106.00 NOTE
r-oldrel-macos-x86_64 2.1.4 OK
r-oldrel-windows-ix86+x86_64 2.1.4 13.00 87.00 100.00 OK

Check Details

Version: 2.1.4
Check: LazyData
Result: NOTE
     'LazyData' is specified without a 'data' directory
Flavors: r-devel-linux-x86_64-debian-clang, r-devel-linux-x86_64-debian-gcc, r-devel-linux-x86_64-fedora-clang, r-devel-linux-x86_64-fedora-gcc, r-devel-windows-x86_64, r-devel-windows-x86_64-gcc10-UCRT, r-patched-linux-x86_64, r-patched-solaris-x86, r-release-linux-x86_64, r-release-macos-arm64, r-release-macos-x86_64, r-release-windows-ix86+x86_64