CRAN Package Check Results for Package RBPcurve

Last updated on 2024-05-21 23:52:46 CEST.

Flavor Version Tinstall Tcheck Ttotal Status Flags
r-devel-linux-x86_64-debian-clang 1.2 12.64 99.82 112.46 OK
r-devel-linux-x86_64-debian-gcc 1.2 8.75 74.59 83.34 OK
r-devel-linux-x86_64-fedora-clang 1.2 142.03 OK
r-devel-linux-x86_64-fedora-gcc 1.2 127.23 OK
r-devel-windows-x86_64 1.2 11.00 85.00 96.00 OK
r-patched-linux-x86_64 1.2 15.65 95.85 111.50 OK
r-release-linux-x86_64 1.2 11.67 95.49 107.16 ERROR
r-release-macos-arm64 1.2 41.00 OK
r-release-windows-x86_64 1.2 11.00 82.00 93.00 OK
r-oldrel-macos-arm64 1.2 45.00 OK
r-oldrel-macos-x86_64 1.2 71.00 OK
r-oldrel-windows-x86_64 1.2 14.00 100.00 114.00 OK

Check Details

Version: 1.2
Check: tests
Result: ERROR Running ‘run-all.R’ [5s/6s] Running the tests in ‘tests/run-all.R’ failed. Complete output: > library(testthat) > library(mlr) Loading required package: ParamHelpers Warning message: 'mlr' is in 'maintenance-only' mode since July 2019. Future development will only happen in 'mlr3' (<https://mlr3.mlr-org.com>). Due to the focus on 'mlr3' there might be uncaught bugs meanwhile in {mlr} - please consider switching. > > test_check("RBPcurve") Loading required package: RBPcurve [ FAIL 1 | WARN 0 | SKIP 0 | PASS 11 ] ══ Failed tests ════════════════════════════════════════════════════════════════ ── Error ('test_add.R:18:9'): add_functions ──────────────────────────────────── Error in `rect(y1, x1, y2, x2, ...)`: invalid graphics state Backtrace: ▆ 1. └─RBPcurve (local) checkAdd(fun = k, obj = obj, plot.values = i, show.info = j) at test_add.R:18:9 2. ├─base::do.call(fun, fun.arg) at test_add.R:9:3 3. └─RBPcurve::addWellCalib(obj = `<RBPObj>`, plot.values = TRUE) 4. ├─TeachingDemos::subplot(...) 5. ├─base::do.call(...) 6. ├─graphics::barplot(...) 7. └─graphics::barplot.default(...) 8. └─graphics (local) xyrect(...) 9. └─graphics::rect(y1, x1, y2, x2, ...) [ FAIL 1 | WARN 0 | SKIP 0 | PASS 11 ] Error: Test failures Execution halted Flavor: r-release-linux-x86_64