CRAN Package Check Results for Package RBesT

Last updated on 2019-05-19 22:51:50 CEST.

Flavor Version Tinstall Tcheck Ttotal Status Flags
r-devel-linux-x86_64-debian-clang 1.3-8 112.04 430.91 542.95 NOTE
r-devel-linux-x86_64-debian-gcc 1.3-8 105.71 299.93 405.64 NOTE
r-devel-linux-x86_64-fedora-clang 1.3-8 650.18 NOTE
r-devel-linux-x86_64-fedora-gcc 1.3-8 674.60 NOTE
r-devel-windows-ix86+x86_64 1.3-8 277.00 769.00 1046.00 NOTE
r-patched-linux-x86_64 1.3-8 118.08 410.65 528.73 NOTE
r-patched-solaris-x86 1.3-8 769.40 NOTE
r-release-linux-x86_64 1.3-8 117.04 410.75 527.79 NOTE
r-release-windows-ix86+x86_64 1.3-8 260.00 531.00 791.00 NOTE
r-release-osx-x86_64 1.3-8 NOTE
r-oldrel-windows-ix86+x86_64 1.3-8 254.00 698.00 952.00 NOTE
r-oldrel-osx-x86_64 1.3-8 NOTE

Check Details

Version: 1.3-8
Check: for GNU extensions in Makefiles
Result: NOTE
    GNU make is a SystemRequirements.
Flavors: r-devel-linux-x86_64-debian-clang, r-devel-linux-x86_64-debian-gcc, r-devel-linux-x86_64-fedora-clang, r-devel-linux-x86_64-fedora-gcc, r-devel-windows-ix86+x86_64, r-patched-linux-x86_64, r-patched-solaris-x86, r-release-linux-x86_64, r-release-windows-ix86+x86_64, r-release-osx-x86_64, r-oldrel-windows-ix86+x86_64, r-oldrel-osx-x86_64

Version: 1.3-8
Check: installed package size
Result: NOTE
     installed size is 30.0Mb
     sub-directories of 1Mb or more:
     doc 2.0Mb
     libs 27.2Mb
Flavors: r-devel-linux-x86_64-fedora-clang, r-devel-windows-ix86+x86_64, r-patched-solaris-x86, r-release-windows-ix86+x86_64, r-release-osx-x86_64, r-oldrel-windows-ix86+x86_64, r-oldrel-osx-x86_64