CRAN Package Check Results for Package RBesT

Last updated on 2022-09-30 07:51:25 CEST.

Flavor Version Tinstall Tcheck Ttotal Status Flags
r-devel-linux-x86_64-debian-clang 1.6-4 155.09 245.38 400.47 NOTE
r-devel-linux-x86_64-debian-gcc 1.6-4 133.81 178.43 312.24 NOTE
r-devel-linux-x86_64-fedora-clang 1.6-4 491.81 NOTE
r-devel-linux-x86_64-fedora-gcc 1.6-4 546.78 NOTE
r-devel-windows-x86_64 1.6-4 139.00 376.00 515.00 NOTE
r-patched-linux-x86_64 1.6-4 120.35 234.85 355.20 NOTE
r-release-linux-x86_64 1.6-4 105.29 232.22 337.51 NOTE
r-release-macos-arm64 1.6-4 143.00 NOTE
r-release-macos-x86_64 1.6-4 212.00 NOTE
r-release-windows-x86_64 1.6-4 753.00 295.00 1048.00 NOTE
r-oldrel-macos-arm64 1.6-4 152.00 NOTE
r-oldrel-macos-x86_64 1.6-4 208.00 NOTE
r-oldrel-windows-ix86+x86_64 1.6-4 331.00 389.00 720.00 NOTE

Check Details

Version: 1.6-4
Check: for GNU extensions in Makefiles
Result: NOTE
    GNU make is a SystemRequirements.
Flavors: r-devel-linux-x86_64-debian-clang, r-devel-linux-x86_64-debian-gcc, r-devel-linux-x86_64-fedora-clang, r-devel-linux-x86_64-fedora-gcc, r-devel-windows-x86_64, r-patched-linux-x86_64, r-release-linux-x86_64, r-release-macos-arm64, r-release-macos-x86_64, r-release-windows-x86_64, r-oldrel-macos-arm64, r-oldrel-macos-x86_64, r-oldrel-windows-ix86+x86_64

Version: 1.6-4
Check: installed package size
Result: NOTE
     installed size is 39.6Mb
     sub-directories of 1Mb or more:
     doc 1.7Mb
     libs 37.0Mb
Flavors: r-release-macos-arm64, r-release-macos-x86_64, r-oldrel-macos-arm64, r-oldrel-macos-x86_64, r-oldrel-windows-ix86+x86_64