Last updated on 2025-02-01 11:49:36 CET.
Flavor | Version | Tinstall | Tcheck | Ttotal | Status | Flags |
---|---|---|---|---|---|---|
r-devel-linux-x86_64-debian-clang | 0.2.5 | 45.21 | 353.27 | 398.48 | OK | |
r-devel-linux-x86_64-debian-gcc | 0.2.5 | 35.27 | 250.74 | 286.01 | OK | |
r-devel-linux-x86_64-fedora-clang | 0.2.5 | 683.05 | OK | |||
r-devel-linux-x86_64-fedora-gcc | 0.2.5 | 629.76 | OK | |||
r-devel-windows-x86_64 | 0.2.5 | 45.00 | 296.00 | 341.00 | OK | |
r-patched-linux-x86_64 | 0.2.5 | 43.20 | 326.96 | 370.16 | OK | |
r-release-linux-x86_64 | 0.2.5 | 42.91 | 328.30 | 371.21 | OK | |
r-release-macos-arm64 | 0.2.5 | 174.00 | NOTE | |||
r-release-macos-x86_64 | 0.2.5 | 227.00 | NOTE | |||
r-release-windows-x86_64 | 0.2.5 | 12.00 | 6.00 | 18.00 | ERROR | |
r-oldrel-macos-arm64 | 0.2.5 | 159.00 | NOTE | |||
r-oldrel-macos-x86_64 | 0.2.5 | 266.00 | NOTE | |||
r-oldrel-windows-x86_64 | 0.2.5 | 16.00 | 8.00 | 24.00 | NOTE |
Version: 0.2.5
Check: package dependencies
Result: NOTE
Packages suggested but not available for checking:
'hgu133plus2.db', 'pd.hg.u133.plus.2'
Flavor: r-release-macos-arm64
Version: 0.2.5
Check: package dependencies
Result: NOTE
Package suggested but not available for checking: ‘pd.hg.u133.plus.2’
Flavors: r-release-macos-x86_64, r-release-windows-x86_64, r-oldrel-windows-x86_64
Version: 0.2.5
Check: whether package can be installed
Result: ERROR
Installation failed.
Flavor: r-release-windows-x86_64
Version: 0.2.5
Check: package dependencies
Result: NOTE
Packages suggested but not available for checking:
'ROntoTools', 'hgu133plus2.db', 'pd.hg.u133.plus.2', 'oligo'
Flavors: r-oldrel-macos-arm64, r-oldrel-macos-x86_64