Last updated on 2024-04-25 23:51:53 CEST.
Flavor | Version | Tinstall | Tcheck | Ttotal | Status | Flags |
---|---|---|---|---|---|---|
r-devel-linux-x86_64-debian-clang | 0.1.4 | 7.98 | 58.38 | 66.36 | NOTE | |
r-devel-linux-x86_64-debian-gcc | 0.1.4 | 3.36 | 43.46 | 46.82 | NOTE | |
r-devel-linux-x86_64-fedora-clang | 0.1.4 | 81.39 | NOTE | |||
r-devel-linux-x86_64-fedora-gcc | 0.1.4 | 89.64 | NOTE | |||
r-devel-windows-x86_64 | 0.1.4 | 7.00 | 60.00 | 67.00 | NOTE | |
r-patched-linux-x86_64 | 0.1.4 | 4.33 | 55.84 | 60.17 | NOTE | |
r-release-linux-x86_64 | 0.1.4 | 4.09 | 54.67 | 58.76 | NOTE | |
r-release-macos-arm64 | 0.1.4 | 37.00 | NOTE | |||
r-release-windows-x86_64 | 0.1.4 | 8.00 | 62.00 | 70.00 | NOTE | |
r-oldrel-macos-arm64 | 0.1.4 | 35.00 | NOTE | |||
r-oldrel-macos-x86_64 | 0.1.4 | 51.00 | NOTE | |||
r-oldrel-windows-x86_64 | 0.1.4 | 9.00 | 70.00 | 79.00 | NOTE |
Version: 0.1.4
Check: LazyData
Result: NOTE
'LazyData' is specified without a 'data' directory
Flavors: r-devel-linux-x86_64-debian-clang, r-devel-linux-x86_64-debian-gcc, r-devel-linux-x86_64-fedora-clang, r-devel-linux-x86_64-fedora-gcc, r-devel-windows-x86_64, r-patched-linux-x86_64, r-release-linux-x86_64, r-release-macos-arm64, r-release-windows-x86_64, r-oldrel-macos-arm64, r-oldrel-macos-x86_64, r-oldrel-windows-x86_64