CRAN Package Check Results for Package RDIDQ

Last updated on 2021-11-29 05:49:55 CET.

Flavor Version Tinstall Tcheck Ttotal Status Flags
r-devel-linux-x86_64-debian-clang 1.0 NOTE
r-devel-linux-x86_64-debian-gcc 1.0 1.67 16.07 17.74 NOTE
r-devel-linux-x86_64-fedora-clang 1.0 38.15 NOTE
r-devel-linux-x86_64-fedora-gcc 1.0 27.47 NOTE
r-devel-windows-x86_64-new-UL 1.0 5.00 53.00 58.00 NOTE
r-devel-windows-x86_64-new-TK 1.0 NOTE
r-devel-windows-x86_64-old 1.0 3.00 41.00 44.00 NOTE
r-patched-linux-x86_64 1.0 1.96 19.38 21.34 NOTE
r-patched-solaris-x86 1.0 41.90 NOTE
r-release-linux-x86_64 1.0 2.05 19.48 21.53 NOTE
r-release-macos-arm64 1.0 NOTE
r-release-macos-x86_64 1.0 NOTE
r-release-windows-ix86+x86_64 1.0 4.00 30.00 34.00 NOTE
r-oldrel-macos-x86_64 1.0 NOTE
r-oldrel-windows-ix86+x86_64 1.0 3.00 40.00 43.00 NOTE

Check Details

Version: 1.0
Check: R code for possible problems
Result: NOTE
    sumry_categorical: no visible global function definition for 'freq'
    sumry_continous: no visible global function definition for 'quantile'
    Undefined global functions or variables:
     freq quantile
    Consider adding
     importFrom("stats", "quantile")
    to your NAMESPACE file.
Flavors: r-devel-linux-x86_64-debian-clang, r-devel-linux-x86_64-debian-gcc, r-devel-linux-x86_64-fedora-clang, r-devel-linux-x86_64-fedora-gcc, r-devel-windows-x86_64-new-UL, r-devel-windows-x86_64-new-TK, r-devel-windows-x86_64-old, r-patched-linux-x86_64, r-patched-solaris-x86, r-release-linux-x86_64, r-release-macos-arm64, r-release-macos-x86_64, r-release-windows-ix86+x86_64, r-oldrel-macos-x86_64, r-oldrel-windows-ix86+x86_64