Last updated on 2023-02-08 17:52:39 CET.
Flavor | Version | Tinstall | Tcheck | Ttotal | Status | Flags |
---|---|---|---|---|---|---|
r-devel-linux-x86_64-debian-clang | 1.0 | 36.75 | 68.53 | 105.28 | NOTE | |
r-devel-linux-x86_64-debian-gcc | 1.0 | 27.22 | 51.17 | 78.39 | NOTE | |
r-devel-linux-x86_64-fedora-clang | 1.0 | 136.22 | NOTE | |||
r-devel-linux-x86_64-fedora-gcc | 1.0 | 129.65 | NOTE | |||
r-devel-windows-x86_64 | 1.0 | 61.00 | 108.00 | 169.00 | NOTE | |
r-patched-linux-x86_64 | 1.0 | 38.14 | 64.33 | 102.47 | NOTE | |
r-release-linux-x86_64 | 1.0 | 23.88 | 63.29 | 87.17 | NOTE | |
r-release-macos-arm64 | 1.0 | 35.00 | NOTE | |||
r-release-macos-x86_64 | 1.0 | 64.00 | NOTE | |||
r-release-windows-x86_64 | 1.0 | 59.00 | 99.00 | 158.00 | NOTE | |
r-oldrel-macos-arm64 | 1.0 | 41.00 | NOTE | |||
r-oldrel-macos-x86_64 | 1.0 | 69.00 | NOTE | |||
r-oldrel-windows-ix86+x86_64 | 1.0 | 58.00 | 96.00 | 154.00 | NOTE |
Version: 1.0
Check: LazyData
Result: NOTE
'LazyData' is specified without a 'data' directory
Flavors: r-devel-linux-x86_64-debian-clang, r-devel-linux-x86_64-debian-gcc, r-devel-linux-x86_64-fedora-clang, r-devel-linux-x86_64-fedora-gcc, r-devel-windows-x86_64, r-patched-linux-x86_64, r-release-linux-x86_64, r-release-macos-arm64, r-release-macos-x86_64, r-release-windows-x86_64, r-oldrel-macos-arm64, r-oldrel-macos-x86_64, r-oldrel-windows-ix86+x86_64