CRAN Package Check Results for Package RDSsamplesize

Last updated on 2024-06-13 18:50:05 CEST.

Flavor Version Tinstall Tcheck Ttotal Status Flags
r-devel-linux-x86_64-debian-clang 0.5.0 27.99 161.19 189.18 OK
r-devel-linux-x86_64-debian-gcc 0.5.0 17.09 24.92 42.01 ERROR
r-devel-linux-x86_64-fedora-clang 0.5.0 264.14 OK
r-devel-linux-x86_64-fedora-gcc 0.5.0 245.50 OK
r-devel-windows-x86_64 0.5.0 19.00 162.00 181.00 OK
r-patched-linux-x86_64 0.5.0 18.24 155.27 173.51 OK
r-release-linux-x86_64 0.5.0 22.18 159.16 181.34 OK
r-release-macos-arm64 0.5.0 94.00 OK
r-release-macos-x86_64 0.5.0 111.00 OK
r-release-windows-x86_64 0.5.0 18.00 163.00 181.00 OK
r-oldrel-macos-arm64 0.5.0 114.00 OK
r-oldrel-macos-x86_64 0.5.0 189.00 OK
r-oldrel-windows-x86_64 0.5.0 18.00 185.00 203.00 OK

Check Details

Version: 0.5.0
Check: package dependencies
Result: NOTE Packages suggested but not available for checking: 'dplyr', 'ggplot2', 'latex2exp' Flavor: r-devel-linux-x86_64-debian-gcc

Version: 0.5.0
Check: re-building of vignette outputs
Result: ERROR Error(s) in re-building vignettes: ... --- re-building ‘README.Rmd’ using rmarkdown Quitting from lines 26-31 [setup] (README.Rmd) Error: processing vignette 'README.Rmd' failed with diagnostics: there is no package called 'ggplot2' --- failed re-building ‘README.Rmd’ SUMMARY: processing the following file failed: ‘README.Rmd’ Error: Vignette re-building failed. Execution halted Flavor: r-devel-linux-x86_64-debian-gcc