Last updated on 2024-08-16 11:49:49 CEST.
Flavor | Version | Tinstall | Tcheck | Ttotal | Status | Flags |
---|---|---|---|---|---|---|
r-devel-linux-x86_64-debian-clang | 0.1.6 | 1.54 | 27.49 | 29.03 | NOTE | |
r-devel-linux-x86_64-debian-gcc | 0.1.6 | 1.43 | 21.44 | 22.87 | NOTE | |
r-devel-linux-x86_64-fedora-clang | 0.1.6 | 49.33 | NOTE | |||
r-devel-linux-x86_64-fedora-gcc | 0.1.6 | 59.53 | NOTE | |||
r-devel-windows-x86_64 | 0.1.6 | 3.00 | 57.00 | 60.00 | NOTE | |
r-patched-linux-x86_64 | 0.1.6 | 2.19 | 26.15 | 28.34 | NOTE | |
r-release-linux-x86_64 | 0.1.6 | 1.98 | 26.43 | 28.41 | NOTE | |
r-release-macos-arm64 | 0.1.6 | 26.00 | NOTE | |||
r-release-macos-x86_64 | 0.1.6 | 35.00 | NOTE | |||
r-release-windows-x86_64 | 0.1.6 | 4.00 | 56.00 | 60.00 | NOTE | |
r-oldrel-macos-arm64 | 0.1.6 | 27.00 | NOTE | |||
r-oldrel-macos-x86_64 | 0.1.6 | 33.00 | NOTE | |||
r-oldrel-windows-x86_64 | 0.1.6 | 4.00 | 59.00 | 63.00 | NOTE |
Version: 0.1.6
Check: LazyData
Result: NOTE
'LazyData' is specified without a 'data' directory
Flavors: r-devel-linux-x86_64-debian-clang, r-devel-linux-x86_64-debian-gcc, r-devel-linux-x86_64-fedora-clang, r-devel-linux-x86_64-fedora-gcc, r-devel-windows-x86_64, r-patched-linux-x86_64, r-release-linux-x86_64, r-release-macos-arm64, r-release-macos-x86_64, r-release-windows-x86_64, r-oldrel-macos-arm64, r-oldrel-macos-x86_64, r-oldrel-windows-x86_64