CRAN Package Check Results for Package REDCapDM

Last updated on 2024-02-29 00:00:43 CET.

Flavor Version Tinstall Tcheck Ttotal Status Flags
r-devel-linux-x86_64-debian-clang 0.9.8 7.87 107.62 115.49 OK
r-devel-linux-x86_64-debian-gcc 0.9.8 8.05 82.51 90.56 OK
r-devel-linux-x86_64-fedora-clang 0.9.8 146.06 NOTE
r-devel-linux-x86_64-fedora-gcc 0.9.8 154.25 NOTE
r-devel-windows-x86_64 0.9.7 10.00 97.00 107.00 OK
r-patched-linux-x86_64 0.9.8 10.21 105.60 115.81 OK
r-release-linux-x86_64 0.9.8 6.39 106.55 112.94 OK
r-release-macos-arm64 0.9.8 60.00 OK
r-release-macos-x86_64 0.9.8 120.00 OK
r-release-windows-x86_64 0.9.8 12.00 119.00 131.00 OK
r-oldrel-macos-arm64 0.9.8 65.00 OK
r-oldrel-windows-x86_64 0.9.8 12.00 129.00 141.00 OK

Check Details

Version: 0.9.8
Check: data for non-ASCII characters
Result: NOTE Note: found 1 marked UTF-8 string Flavors: r-devel-linux-x86_64-fedora-clang, r-devel-linux-x86_64-fedora-gcc