Last updated on 2023-05-28 12:02:00 CEST.
Flavor | Version | Tinstall | Tcheck | Ttotal | Status | Flags |
---|---|---|---|---|---|---|
r-devel-linux-x86_64-debian-clang | 0.6.0 | 5.00 | 65.28 | 70.28 | OK | |
r-devel-linux-x86_64-debian-gcc | 0.6.0 | 3.45 | 49.87 | 53.32 | OK | |
r-devel-linux-x86_64-fedora-clang | 0.6.0 | 90.54 | NOTE | |||
r-devel-linux-x86_64-fedora-gcc | 0.6.0 | 102.68 | NOTE | |||
r-devel-windows-x86_64 | 0.6.0 | 6.00 | 69.00 | 75.00 | OK | |
r-patched-linux-x86_64 | 0.6.0 | 3.69 | 62.50 | 66.19 | OK | |
r-release-linux-x86_64 | 0.6.0 | 3.60 | 62.25 | 65.85 | OK | |
r-release-macos-arm64 | 0.6.0 | 39.00 | OK | |||
r-release-macos-x86_64 | 0.6.0 | 50.00 | OK | |||
r-release-windows-x86_64 | 0.6.0 | 8.00 | 78.00 | 86.00 | OK | |
r-oldrel-macos-arm64 | 0.6.0 | 36.00 | OK | |||
r-oldrel-macos-x86_64 | 0.6.0 | 42.00 | OK | |||
r-oldrel-windows-x86_64 | 0.6.0 | 8.00 | 81.00 | 89.00 | OK |
Version: 0.6.0
Check: data for non-ASCII characters
Result: NOTE
Note: found 1 marked UTF-8 string
Flavors: r-devel-linux-x86_64-fedora-clang, r-devel-linux-x86_64-fedora-gcc